Last updated on 2017-02-24 23:52:15.
Flavor | Version | Tinstall | Tcheck | Ttotal | Status | Flags |
---|---|---|---|---|---|---|
r-devel-linux-x86_64-debian-clang | 1.1 | 44.85 | 18.46 | 63.31 | NOTE | |
r-devel-linux-x86_64-debian-gcc | 1.1 | 26.62 | 17.94 | 44.56 | NOTE | |
r-devel-linux-x86_64-fedora-clang | 1.1 | 130.45 | NOTE | --no-stop-on-test-error | ||
r-devel-linux-x86_64-fedora-gcc | 1.1 | 98.50 | NOTE | --no-stop-on-test-error | ||
r-devel-macos-x86_64-clang | 1.1 | 94.23 | NOTE | --no-stop-on-test-error | ||
r-devel-windows-ix86+x86_64 | 1.1 | 115.00 | 73.00 | 188.00 | OK | |
r-patched-linux-x86_64 | 1.1 | 23.95 | 15.52 | 39.47 | OK | |
r-patched-solaris-sparc | 1.1 | 409.70 | OK | |||
r-patched-solaris-x86 | 1.1 | 89.80 | OK | |||
r-release-linux-x86_64 | 1.1 | 23.54 | 15.50 | 39.03 | OK | |
r-release-osx-x86_64-mavericks | 1.1 | OK | ||||
r-release-windows-ix86+x86_64 | 1.1 | 88.00 | 52.00 | 140.00 | OK | |
r-oldrel-windows-ix86+x86_64 | 1.1 | 74.00 | 117.00 | 191.00 | OK |
Version: 1.1
Check: compiled code
Result: NOTE
File ‘BayesBD/libs/BayesBD.so’:
Found no calls to: ‘R_registerRoutines’, ‘R_useDynamicSymbols’
It is good practice to register native routines and to disable symbol
search.
See ‘Writing portable packages’ in the ‘Writing R Extensions’ manual.
Flavors: r-devel-linux-x86_64-debian-clang, r-devel-linux-x86_64-debian-gcc
Version: 1.1
Flags: --no-stop-on-test-error
Check: compiled code
Result: NOTE
File ‘BayesBD/libs/BayesBD.so’:
Found no calls to: ‘R_registerRoutines’, ‘R_useDynamicSymbols’
It is good practice to register native routines and to disable symbol
search.
See ‘Writing portable packages’ in the ‘Writing R Extensions’ manual.
Flavors: r-devel-linux-x86_64-fedora-clang, r-devel-linux-x86_64-fedora-gcc, r-devel-macos-x86_64-clang