CRAN Package Check Results for Package BayesMed

Last updated on 2017-02-24 23:52:15.

Flavor Version Tinstall Tcheck Ttotal Status Flags
r-devel-linux-x86_64-debian-clang 1.0.1 4.61 57.86 62.47 NOTE
r-devel-linux-x86_64-debian-gcc 1.0.1 4.29 55.81 60.10 NOTE
r-devel-linux-x86_64-fedora-clang 1.0.1 131.83 NOTE --no-stop-on-test-error
r-devel-linux-x86_64-fedora-gcc 1.0.1 167.90 NOTE --no-stop-on-test-error
r-devel-macos-x86_64-clang 1.0.1 98.51 NOTE --no-stop-on-test-error
r-devel-windows-ix86+x86_64 1.0.1 16.00 91.00 107.00 NOTE
r-patched-linux-x86_64 1.0.1 4.60 50.94 55.54 NOTE
r-patched-solaris-sparc 1.0.1 709.80 NOTE
r-patched-solaris-x86 1.0.1 159.50 NOTE
r-release-linux-x86_64 1.0.1 4.51 51.07 55.58 NOTE
r-release-osx-x86_64-mavericks 1.0.1 NOTE
r-release-windows-ix86+x86_64 1.0.1 17.00 133.00 150.00 NOTE
r-oldrel-windows-ix86+x86_64 1.0.1 2.00 3.00 5.00 ERROR

Check Details

Version: 1.0.1
Check: DESCRIPTION meta-information
Result: NOTE
    Malformed Description field: should contain one or more complete sentences.
Flavors: r-devel-linux-x86_64-debian-clang, r-devel-linux-x86_64-debian-gcc, r-devel-windows-ix86+x86_64, r-patched-linux-x86_64, r-patched-solaris-sparc, r-patched-solaris-x86, r-release-linux-x86_64, r-release-osx-x86_64-mavericks, r-release-windows-ix86+x86_64

Version: 1.0.1
Check: R code for possible problems
Result: NOTE
    jzs_cor: no visible global function definition for ‘runif’
    jzs_cor: no visible global function definition for ‘sd’
    jzs_cor: no visible global function definition for ‘cor’
    jzs_cor : jzs_corbf: no visible global function definition for
     ‘integrate’
    jzs_corSD: no visible global function definition for ‘runif’
    jzs_corSD: no visible global function definition for ‘sd’
    jzs_corSD: no visible global function definition for ‘cor’
    jzs_corSD : mydt: no visible global function definition for ‘dt’
    jzs_corSD: no visible global function definition for ‘dcauchy’
    jzs_corSD : mydt2: no visible global function definition for ‘dt’
    jzs_corSD: no visible global function definition for ‘optim’
    jzs_corSD: no visible global function definition for ‘dnorm’
    jzs_corSD: no visible global function definition for ‘splinefun’
    jzs_corSD: no visible global function definition for ‘density’
    jzs_med: no visible global function definition for ‘runif’
    jzs_med: no visible global function definition for ‘sd’
    jzs_med : jzs_partcor_basic: no visible global function definition for
     ‘sd’
    jzs_med : jzs_partcor_basic: no visible global function definition for
     ‘lm’
    jzs_med : jzs_partcor_basic : jzs_partcorbf: no visible global function
     definition for ‘integrate’
    jzs_med: no visible global function definition for ‘quantile’
    jzs_medSD: no visible global function definition for ‘runif’
    jzs_medSD: no visible global function definition for ‘sd’
    jzs_medSD : mydt: no visible global function definition for ‘dt’
    jzs_medSD: no visible global function definition for ‘dcauchy’
    jzs_medSD: no visible global function definition for ‘pt’
    jzs_medSD : mydt2: no visible global function definition for ‘dt’
    jzs_medSD: no visible global function definition for ‘optim’
    jzs_medSD: no visible global function definition for ‘dnorm’
    jzs_medSD: no visible global function definition for ‘splinefun’
    jzs_medSD: no visible global function definition for ‘density’
    jzs_medSD: no visible global function definition for ‘quantile’
    jzs_partcor: no visible global function definition for ‘runif’
    jzs_partcor: no visible global function definition for ‘sd’
    jzs_partcor: no visible global function definition for ‘lm’
    jzs_partcor : jzs_partcorbf: no visible global function definition for
     ‘integrate’
    jzs_partcorSD: no visible global function definition for ‘runif’
    jzs_partcorSD: no visible global function definition for ‘sd’
    jzs_partcorSD : mydt: no visible global function definition for ‘dt’
    jzs_partcorSD: no visible global function definition for ‘dcauchy’
    jzs_partcorSD : mydt2: no visible global function definition for ‘dt’
    jzs_partcorSD: no visible global function definition for ‘optim’
    jzs_partcorSD: no visible global function definition for ‘dnorm’
    jzs_partcorSD: no visible global function definition for ‘splinefun’
    jzs_partcorSD: no visible global function definition for ‘density’
    plot.CI: no visible global function definition for ‘hist’
    plot.CI: no visible global function definition for ‘abline’
    plot.CI: no visible global function definition for ‘quantile’
    plot.CI: no visible global function definition for ‘median’
    plot.CI: no visible global function definition for ‘legend’
    plot.JZSMed: no visible global function definition for ‘par’
    plot.JZSMed: no visible global function definition for ‘plot’
    plot.JZSMed: no visible global function definition for ‘points’
    plot.JZSMed: no visible global function definition for ‘arrows’
    plot.JZSMed: no visible global function definition for ‘text’
    plot.JZSMed: no visible global function definition for ‘legend’
    Undefined global functions or variables:
     abline arrows cor dcauchy density dnorm dt hist integrate legend lm
     median optim par plot points pt quantile runif sd splinefun text
    Consider adding
     importFrom("graphics", "abline", "arrows", "hist", "legend", "par",
     "plot", "points", "text")
     importFrom("stats", "cor", "dcauchy", "density", "dnorm", "dt",
     "integrate", "lm", "median", "optim", "pt", "quantile",
     "runif", "sd", "splinefun")
    to your NAMESPACE file.
Flavors: r-devel-linux-x86_64-debian-clang, r-devel-linux-x86_64-debian-gcc, r-devel-windows-ix86+x86_64, r-patched-linux-x86_64, r-patched-solaris-sparc, r-patched-solaris-x86, r-release-linux-x86_64, r-release-osx-x86_64-mavericks, r-release-windows-ix86+x86_64

Version: 1.0.1
Flags: --no-stop-on-test-error
Check: DESCRIPTION meta-information
Result: NOTE
    Malformed Description field: should contain one or more complete sentences.
Flavors: r-devel-linux-x86_64-fedora-clang, r-devel-linux-x86_64-fedora-gcc, r-devel-macos-x86_64-clang

Version: 1.0.1
Flags: --no-stop-on-test-error
Check: R code for possible problems
Result: NOTE
    jzs_cor: no visible global function definition for ‘runif’
    jzs_cor: no visible global function definition for ‘sd’
    jzs_cor: no visible global function definition for ‘cor’
    jzs_cor : jzs_corbf: no visible global function definition for
     ‘integrate’
    jzs_corSD: no visible global function definition for ‘runif’
    jzs_corSD: no visible global function definition for ‘sd’
    jzs_corSD: no visible global function definition for ‘cor’
    jzs_corSD : mydt: no visible global function definition for ‘dt’
    jzs_corSD: no visible global function definition for ‘dcauchy’
    jzs_corSD : mydt2: no visible global function definition for ‘dt’
    jzs_corSD: no visible global function definition for ‘optim’
    jzs_corSD: no visible global function definition for ‘dnorm’
    jzs_corSD: no visible global function definition for ‘splinefun’
    jzs_corSD: no visible global function definition for ‘density’
    jzs_med: no visible global function definition for ‘runif’
    jzs_med: no visible global function definition for ‘sd’
    jzs_med : jzs_partcor_basic: no visible global function definition for
     ‘sd’
    jzs_med : jzs_partcor_basic: no visible global function definition for
     ‘lm’
    jzs_med : jzs_partcor_basic : jzs_partcorbf: no visible global function
     definition for ‘integrate’
    jzs_med: no visible global function definition for ‘quantile’
    jzs_medSD: no visible global function definition for ‘runif’
    jzs_medSD: no visible global function definition for ‘sd’
    jzs_medSD : mydt: no visible global function definition for ‘dt’
    jzs_medSD: no visible global function definition for ‘dcauchy’
    jzs_medSD: no visible global function definition for ‘pt’
    jzs_medSD : mydt2: no visible global function definition for ‘dt’
    jzs_medSD: no visible global function definition for ‘optim’
    jzs_medSD: no visible global function definition for ‘dnorm’
    jzs_medSD: no visible global function definition for ‘splinefun’
    jzs_medSD: no visible global function definition for ‘density’
    jzs_medSD: no visible global function definition for ‘quantile’
    jzs_partcor: no visible global function definition for ‘runif’
    jzs_partcor: no visible global function definition for ‘sd’
    jzs_partcor: no visible global function definition for ‘lm’
    jzs_partcor : jzs_partcorbf: no visible global function definition for
     ‘integrate’
    jzs_partcorSD: no visible global function definition for ‘runif’
    jzs_partcorSD: no visible global function definition for ‘sd’
    jzs_partcorSD : mydt: no visible global function definition for ‘dt’
    jzs_partcorSD: no visible global function definition for ‘dcauchy’
    jzs_partcorSD : mydt2: no visible global function definition for ‘dt’
    jzs_partcorSD: no visible global function definition for ‘optim’
    jzs_partcorSD: no visible global function definition for ‘dnorm’
    jzs_partcorSD: no visible global function definition for ‘splinefun’
    jzs_partcorSD: no visible global function definition for ‘density’
    plot.CI: no visible global function definition for ‘hist’
    plot.CI: no visible global function definition for ‘abline’
    plot.CI: no visible global function definition for ‘quantile’
    plot.CI: no visible global function definition for ‘median’
    plot.CI: no visible global function definition for ‘legend’
    plot.JZSMed: no visible global function definition for ‘par’
    plot.JZSMed: no visible global function definition for ‘plot’
    plot.JZSMed: no visible global function definition for ‘points’
    plot.JZSMed: no visible global function definition for ‘arrows’
    plot.JZSMed: no visible global function definition for ‘text’
    plot.JZSMed: no visible global function definition for ‘legend’
    Undefined global functions or variables:
     abline arrows cor dcauchy density dnorm dt hist integrate legend lm
     median optim par plot points pt quantile runif sd splinefun text
    Consider adding
     importFrom("graphics", "abline", "arrows", "hist", "legend", "par",
     "plot", "points", "text")
     importFrom("stats", "cor", "dcauchy", "density", "dnorm", "dt",
     "integrate", "lm", "median", "optim", "pt", "quantile",
     "runif", "sd", "splinefun")
    to your NAMESPACE file.
Flavors: r-devel-linux-x86_64-fedora-clang, r-devel-linux-x86_64-fedora-gcc, r-devel-macos-x86_64-clang

Version: 1.0.1
Check: whether package can be installed
Result: ERROR
    Installation failed.
Flavor: r-oldrel-windows-ix86+x86_64