CRAN Package Check Results for Package BigQuic

Last updated on 2017-02-24 23:52:16.

Flavor Version Tinstall Tcheck Ttotal Status Flags
r-devel-linux-x86_64-debian-clang 1.1-7 26.90 32.62 59.52 NOTE
r-devel-linux-x86_64-debian-gcc 1.1-7 26.98 31.98 58.97 NOTE
r-devel-linux-x86_64-fedora-clang 1.1-7 126.70 NOTE --no-stop-on-test-error
r-devel-linux-x86_64-fedora-gcc 1.1-7 146.61 NOTE --no-stop-on-test-error
r-devel-macos-x86_64-clang 1.1-7 91.42 NOTE --no-stop-on-test-error
r-devel-windows-ix86+x86_64 1.1-7 214.00 116.00 330.00 OK
r-patched-linux-x86_64 1.1-7 23.68 28.46 52.14 OK
r-patched-solaris-sparc 1.1-7 584.20 ERROR
r-patched-solaris-x86 1.1-7 131.60 OK
r-release-linux-x86_64 1.1-7 23.80 28.26 52.06 OK
r-release-osx-x86_64-mavericks 1.1-7 OK
r-release-windows-ix86+x86_64 1.1-7 155.00 103.00 258.00 OK
r-oldrel-windows-ix86+x86_64 1.1-7 224.00 106.00 330.00 OK

Check Details

Version: 1.1-7
Check: compiled code
Result: NOTE
    File ‘BigQuic/libs/BigQuic.so’:
     Found no calls to: ‘R_registerRoutines’, ‘R_useDynamicSymbols’
    
    It is good practice to register native routines and to disable symbol
    search.
    
    See ‘Writing portable packages’ in the ‘Writing R Extensions’ manual.
Flavors: r-devel-linux-x86_64-debian-clang, r-devel-linux-x86_64-debian-gcc

Version: 1.1-7
Flags: --no-stop-on-test-error
Check: compiled code
Result: NOTE
    File ‘BigQuic/libs/BigQuic.so’:
     Found no calls to: ‘R_registerRoutines’, ‘R_useDynamicSymbols’
    
    It is good practice to register native routines and to disable symbol
    search.
    
    See ‘Writing portable packages’ in the ‘Writing R Extensions’ manual.
Flavors: r-devel-linux-x86_64-fedora-clang, r-devel-linux-x86_64-fedora-gcc, r-devel-macos-x86_64-clang

Version: 1.1-7
Check: examples
Result: ERROR
    Running examples in ‘BigQuic-Ex.R’ failed
    The error most likely occurred in:
    
    > ### Name: BigQuic
    > ### Title: Big Quadratic Inverse Covariance Estimation
    > ### Aliases: BigQuic
    > ### Keywords: BigQUIC package covariance regularization graphical model
    > ### lasso Newton coordinate descent
    >
    > ### ** Examples
    >
    > lambda <- 0.91
    > exampleResult <- BigQuic(inputFileName = paste(path.package("BigQuic"),
    + "/extdata/testInput", sep = ""), lambda = lambda,
    + numthreads = 1, memory_size = 512, seed = 1,
    + use_ram = TRUE)
    
     *** caught segfault ***
    address fffffff8, cause 'memory not mapped'
    
    Traceback:
     1: .Call("BigQuic_BigQuicHelper", PACKAGE = "BigQuic", argvPasser)
     2: BigQuicHelper(argvPasser = c("-l", lambda[i], "-n", numthreads, "-t", maxit, "-e", epsilon, "-k", k, "-m", memory_size, "-q", verbose, "-r", isnormalized, inputFileName, outputFileName))
     3: BigQuic(inputFileName = paste(path.package("BigQuic"), "/extdata/testInput", sep = ""), lambda = lambda, numthreads = 1, memory_size = 512, seed = 1, use_ram = TRUE)
    An irrecoverable exception occurred. R is aborting now ...
Flavor: r-patched-solaris-sparc