CRAN Package Check Results for Package CALIBERrfimpute

Last updated on 2017-02-24 23:52:18.

Flavor Version Tinstall Tcheck Ttotal Status Flags
r-devel-linux-x86_64-debian-clang 0.1-6 2.96 80.41 83.36 NOTE
r-devel-linux-x86_64-debian-gcc 0.1-6 2.98 76.66 79.64 NOTE
r-devel-linux-x86_64-fedora-clang 0.1-6 134.46 NOTE --no-stop-on-test-error
r-devel-linux-x86_64-fedora-gcc 0.1-6 155.95 NOTE --no-stop-on-test-error
r-devel-macos-x86_64-clang 0.1-6 150.91 NOTE --no-stop-on-test-error
r-devel-windows-ix86+x86_64 0.1-6 16.00 202.00 218.00 NOTE
r-patched-linux-x86_64 0.1-6 2.90 74.09 76.98 NOTE
r-patched-solaris-sparc 0.1-6 1049.90 NOTE --no-build-vignettes
r-patched-solaris-x86 0.1-6 216.00 NOTE
r-release-linux-x86_64 0.1-6 2.68 71.29 73.97 NOTE
r-release-osx-x86_64-mavericks 0.1-6 NOTE
r-release-windows-ix86+x86_64 0.1-6 12.00 156.00 168.00 NOTE
r-oldrel-windows-ix86+x86_64 0.1-6 11.00 301.00 312.00 OK

Check Details

Version: 0.1-6
Check: R code for possible problems
Result: NOTE
    makemar : predictions: no visible global function definition for
     ‘rbinom’
    mice.impute.rfcat : <anonymous>: no visible global function definition
     for ‘predict’
    mice.impute.rfcont: no visible global function definition for ‘predict’
    mice.impute.rfcont: no visible global function definition for ‘rnorm’
    simdata: no visible global function definition for ‘rbinom’
    simdata: no visible global function definition for ‘rnorm’
    Undefined global functions or variables:
     predict rbinom rnorm
    Consider adding
     importFrom("stats", "predict", "rbinom", "rnorm")
    to your NAMESPACE file.
Flavors: r-devel-linux-x86_64-debian-clang, r-devel-linux-x86_64-debian-gcc, r-devel-windows-ix86+x86_64, r-patched-linux-x86_64, r-patched-solaris-x86, r-release-linux-x86_64, r-release-osx-x86_64-mavericks, r-release-windows-ix86+x86_64

Version: 0.1-6
Flags: --no-stop-on-test-error
Check: R code for possible problems
Result: NOTE
    makemar : predictions: no visible global function definition for
     ‘rbinom’
    mice.impute.rfcat : <anonymous>: no visible global function definition
     for ‘predict’
    mice.impute.rfcont: no visible global function definition for ‘predict’
    mice.impute.rfcont: no visible global function definition for ‘rnorm’
    simdata: no visible global function definition for ‘rbinom’
    simdata: no visible global function definition for ‘rnorm’
    Undefined global functions or variables:
     predict rbinom rnorm
    Consider adding
     importFrom("stats", "predict", "rbinom", "rnorm")
    to your NAMESPACE file.
Flavors: r-devel-linux-x86_64-fedora-clang, r-devel-linux-x86_64-fedora-gcc, r-devel-macos-x86_64-clang

Version: 0.1-6
Flags: --no-build-vignettes
Check: R code for possible problems
Result: NOTE
    makemar : predictions: no visible global function definition for
     ‘rbinom’
    mice.impute.rfcat : <anonymous>: no visible global function definition
     for ‘predict’
    mice.impute.rfcont: no visible global function definition for ‘predict’
    mice.impute.rfcont: no visible global function definition for ‘rnorm’
    simdata: no visible global function definition for ‘rbinom’
    simdata: no visible global function definition for ‘rnorm’
    Undefined global functions or variables:
     predict rbinom rnorm
    Consider adding
     importFrom("stats", "predict", "rbinom", "rnorm")
    to your NAMESPACE file.
Flavor: r-patched-solaris-sparc