Last updated on 2017-02-24 23:52:18.
Flavor | Version | Tinstall | Tcheck | Ttotal | Status | Flags |
---|---|---|---|---|---|---|
r-devel-linux-x86_64-debian-clang | 1.5.1 | 1.50 | 41.42 | 42.92 | OK | |
r-devel-linux-x86_64-debian-gcc | 1.5.1 | 1.65 | 39.75 | 41.40 | OK | |
r-devel-linux-x86_64-fedora-clang | 1.5.1 | 64.09 | OK | --no-stop-on-test-error | ||
r-devel-linux-x86_64-fedora-gcc | 1.5.1 | 73.77 | OK | --no-stop-on-test-error | ||
r-devel-macos-x86_64-clang | 1.5.1 | 57.40 | OK | --no-stop-on-test-error | ||
r-devel-windows-ix86+x86_64 | 1.5.1 | 18.00 | 63.00 | 81.00 | OK | |
r-patched-linux-x86_64 | 1.5.1 | 1.41 | 37.39 | 38.80 | OK | |
r-patched-solaris-sparc | 1.5.1 | 375.20 | OK | |||
r-patched-solaris-x86 | 1.5.1 | 77.50 | OK | |||
r-release-linux-x86_64 | 1.5.1 | 1.40 | 36.65 | 38.05 | OK | |
r-release-osx-x86_64-mavericks | 1.5.1 | OK | ||||
r-release-windows-ix86+x86_64 | 1.5.1 | 9.00 | 85.00 | 94.00 | OK | |
r-oldrel-windows-ix86+x86_64 | 1.5.1 | 2.00 | 3.00 | 5.00 | ERROR |
Version: 1.5.1
Check: whether package can be installed
Result: ERROR
Installation failed.
Flavor: r-oldrel-windows-ix86+x86_64