CRAN Package Check Results for Package CDF.PSIdekick

Last updated on 2017-02-24 23:52:18.

Flavor Version Tinstall Tcheck Ttotal Status Flags
r-devel-linux-x86_64-debian-clang 1.2 11.74 23.55 35.29 NOTE
r-devel-linux-x86_64-debian-gcc 1.2 11.43 23.80 35.23 NOTE
r-devel-linux-x86_64-fedora-clang 1.2 67.92 NOTE --no-stop-on-test-error
r-devel-linux-x86_64-fedora-gcc 1.2 73.09 NOTE --no-stop-on-test-error
r-devel-macos-x86_64-clang 1.2 51.52 NOTE --no-stop-on-test-error
r-devel-windows-ix86+x86_64 1.2 76.00 91.00 167.00 OK
r-patched-linux-x86_64 1.2 10.47 24.50 34.97 OK
r-patched-solaris-sparc 1.2 373.00 OK
r-patched-solaris-x86 1.2 71.20 OK
r-release-linux-x86_64 1.2 10.21 21.71 31.93 OK
r-release-osx-x86_64-mavericks 1.2 OK
r-release-windows-ix86+x86_64 1.2 52.00 86.00 138.00 OK
r-oldrel-windows-ix86+x86_64 1.2 71.00 112.00 183.00 OK

Check Details

Version: 1.2
Check: compiled code
Result: NOTE
    File ‘CDF.PSIdekick/libs/CDF.PSIdekick.so’:
     Found no calls to: ‘R_registerRoutines’, ‘R_useDynamicSymbols’
    
    It is good practice to register native routines and to disable symbol
    search.
    
    See ‘Writing portable packages’ in the ‘Writing R Extensions’ manual.
Flavors: r-devel-linux-x86_64-debian-clang, r-devel-linux-x86_64-debian-gcc

Version: 1.2
Flags: --no-stop-on-test-error
Check: compiled code
Result: NOTE
    File ‘CDF.PSIdekick/libs/CDF.PSIdekick.so’:
     Found no calls to: ‘R_registerRoutines’, ‘R_useDynamicSymbols’
    
    It is good practice to register native routines and to disable symbol
    search.
    
    See ‘Writing portable packages’ in the ‘Writing R Extensions’ manual.
Flavors: r-devel-linux-x86_64-fedora-clang, r-devel-linux-x86_64-fedora-gcc, r-devel-macos-x86_64-clang