CRAN Package Check Results for Package CMPControl

Last updated on 2017-02-24 23:52:19.

Flavor Version Tinstall Tcheck Ttotal Status Flags
r-devel-linux-x86_64-debian-clang 1.0 0.67 15.73 16.40 NOTE
r-devel-linux-x86_64-debian-gcc 1.0 0.69 14.86 15.55 NOTE
r-devel-linux-x86_64-fedora-clang 1.0 21.59 NOTE --no-stop-on-test-error
r-devel-linux-x86_64-fedora-gcc 1.0 24.31 NOTE --no-stop-on-test-error
r-devel-macos-x86_64-clang 1.0 19.71 NOTE --no-stop-on-test-error
r-devel-windows-ix86+x86_64 1.0 7.00 44.00 51.00 NOTE
r-patched-linux-x86_64 1.0 0.61 14.01 14.62 NOTE
r-patched-solaris-sparc 1.0 147.90 NOTE
r-patched-solaris-x86 1.0 31.60 NOTE
r-release-linux-x86_64 1.0 1.02 14.29 15.31 NOTE
r-release-osx-x86_64-mavericks 1.0 NOTE
r-release-windows-ix86+x86_64 1.0 5.00 40.00 45.00 NOTE
r-oldrel-windows-ix86+x86_64 1.0 8.00 40.00 48.00 NOTE

Check Details

Version: 1.0
Check: R code for possible problems
Result: NOTE
    ComputeLambdaAndNuHat.shiftCMPest: no visible global function
     definition for ‘nlminb’
    ControlCharts: no visible global function definition for
     ‘com.log.density’
    ControlCharts: no visible global function definition for ‘plot’
    ControlCharts: no visible global function definition for ‘abline’
    Undefined global functions or variables:
     abline com.log.density nlminb plot
    Consider adding
     importFrom("graphics", "abline", "plot")
     importFrom("stats", "nlminb")
    to your NAMESPACE file.
Flavors: r-devel-linux-x86_64-debian-clang, r-devel-linux-x86_64-debian-gcc, r-devel-windows-ix86+x86_64, r-patched-linux-x86_64, r-patched-solaris-sparc, r-patched-solaris-x86, r-release-linux-x86_64, r-release-osx-x86_64-mavericks, r-release-windows-ix86+x86_64

Version: 1.0
Flags: --no-stop-on-test-error
Check: R code for possible problems
Result: NOTE
    ComputeLambdaAndNuHat.shiftCMPest: no visible global function
     definition for ‘nlminb’
    ControlCharts: no visible global function definition for
     ‘com.log.density’
    ControlCharts: no visible global function definition for ‘plot’
    ControlCharts: no visible global function definition for ‘abline’
    Undefined global functions or variables:
     abline com.log.density nlminb plot
    Consider adding
     importFrom("graphics", "abline", "plot")
     importFrom("stats", "nlminb")
    to your NAMESPACE file.
Flavors: r-devel-linux-x86_64-fedora-clang, r-devel-linux-x86_64-fedora-gcc, r-devel-macos-x86_64-clang

Version: 1.0
Check: R code for possible problems
Result: NOTE
    ControlCharts: no visible global function definition for
     'com.log.density'
Flavor: r-oldrel-windows-ix86+x86_64