Last updated on 2017-02-24 23:52:18.
Flavor | Version | Tinstall | Tcheck | Ttotal | Status | Flags |
---|---|---|---|---|---|---|
r-devel-linux-x86_64-debian-clang | 0.1.0 | 0.84 | 16.16 | 16.99 | OK | |
r-devel-linux-x86_64-debian-gcc | 0.1.0 | 0.87 | 15.67 | 16.55 | OK | |
r-devel-linux-x86_64-fedora-clang | 0.1.0 | 28.08 | NOTE | --no-stop-on-test-error | ||
r-devel-linux-x86_64-fedora-gcc | 0.1.0 | 32.13 | NOTE | --no-stop-on-test-error | ||
r-devel-macos-x86_64-clang | 0.1.0 | 24.15 | NOTE | --no-stop-on-test-error | ||
r-devel-windows-ix86+x86_64 | 0.1.0 | 8.00 | 43.00 | 51.00 | OK | |
r-patched-linux-x86_64 | 0.1.0 | 0.83 | 12.40 | 13.23 | OK | |
r-patched-solaris-sparc | 0.1.0 | 150.30 | NOTE | |||
r-patched-solaris-x86 | 0.1.0 | 33.30 | NOTE | |||
r-release-linux-x86_64 | 0.1.0 | 0.71 | 12.91 | 13.62 | OK | |
r-release-osx-x86_64-mavericks | 0.1.0 | NOTE | ||||
r-release-windows-ix86+x86_64 | 0.1.0 | 5.00 | 32.00 | 37.00 | OK | |
r-oldrel-windows-ix86+x86_64 | 0.1.0 | 7.00 | 64.00 | 71.00 | NOTE |
Version: 0.1.0
Flags: --no-stop-on-test-error
Check: dependencies in R code
Result: NOTE
Namespace in Imports field not imported from: ‘Matrix’
All declared Imports should be used.
Flavors: r-devel-linux-x86_64-fedora-clang, r-devel-linux-x86_64-fedora-gcc, r-devel-macos-x86_64-clang
Version: 0.1.0
Check: dependencies in R code
Result: NOTE
Namespace in Imports field not imported from: ‘Matrix’
All declared Imports should be used.
Flavors: r-patched-solaris-sparc, r-patched-solaris-x86, r-release-osx-x86_64-mavericks, r-oldrel-windows-ix86+x86_64