Last updated on 2017-02-24 23:52:18.
Flavor | Version | Tinstall | Tcheck | Ttotal | Status | Flags |
---|---|---|---|---|---|---|
r-devel-linux-x86_64-debian-clang | 1.2 | 5.42 | 69.70 | 75.11 | OK | |
r-devel-linux-x86_64-debian-gcc | 1.2 | 5.82 | 69.35 | 75.17 | OK | |
r-devel-linux-x86_64-fedora-clang | 1.2 | 147.36 | OK | --no-stop-on-test-error | ||
r-devel-linux-x86_64-fedora-gcc | 1.2 | 167.66 | OK | --no-stop-on-test-error | ||
r-devel-macos-x86_64-clang | 1.2 | 118.22 | OK | --no-stop-on-test-error | ||
r-devel-windows-ix86+x86_64 | 1.2 | 23.00 | 144.00 | 167.00 | OK | |
r-patched-linux-x86_64 | 1.2 | 5.61 | 68.64 | 74.25 | OK | |
r-patched-solaris-sparc | 1.2 | 14.50 | ERROR | |||
r-patched-solaris-x86 | 1.2 | 2.90 | ERROR | |||
r-release-linux-x86_64 | 1.2 | 5.52 | 67.46 | 72.99 | OK | |
r-release-osx-x86_64-mavericks | 1.2 | OK | ||||
r-release-windows-ix86+x86_64 | 1.2 | 19.00 | 110.00 | 129.00 | OK | |
r-oldrel-windows-ix86+x86_64 | 1.2 | 20.00 | 225.00 | 245.00 | OK |
Version: 1.2
Check: package dependencies
Result: ERROR
Package required but not available: ‘geoR’
See section ‘The DESCRIPTION file’ in the ‘Writing R Extensions’
manual.
Flavors: r-patched-solaris-sparc, r-patched-solaris-x86