Last updated on 2017-02-24 23:52:21.
Flavor | Version | Tinstall | Tcheck | Ttotal | Status | Flags |
---|---|---|---|---|---|---|
r-devel-linux-x86_64-debian-clang | 0.1 | 4.37 | 374.71 | 379.08 | NOTE | |
r-devel-linux-x86_64-debian-gcc | 0.1 | 4.71 | 357.07 | 361.78 | NOTE | |
r-devel-linux-x86_64-fedora-clang | 0.1 | 210.03 | NOTE | --no-stop-on-test-error | ||
r-devel-linux-x86_64-fedora-gcc | 0.1 | 217.03 | NOTE | --no-stop-on-test-error | ||
r-devel-macos-x86_64-clang | 0.1 | 151.65 | NOTE | --no-stop-on-test-error | ||
r-devel-windows-ix86+x86_64 | 0.1 | 20.00 | 724.00 | 744.00 | OK | |
r-patched-linux-x86_64 | 0.1 | 4.94 | 378.50 | 383.44 | NOTE | |
r-patched-solaris-sparc | 0.1 | 3767.40 | NOTE | |||
r-patched-solaris-x86 | 0.1 | 709.70 | NOTE | |||
r-release-linux-x86_64 | 0.1 | 4.64 | 355.19 | 359.82 | NOTE | |
r-release-osx-x86_64-mavericks | 0.1 | NOTE | ||||
r-release-windows-ix86+x86_64 | 0.1 | 19.00 | 544.00 | 563.00 | OK | |
r-oldrel-windows-ix86+x86_64 | 0.1 | 21.00 | 1653.00 | 1674.00 | NOTE |
Version: 0.1
Check: package dependencies
Result: NOTE
Package suggested but not available for checking: ‘INLA’
Flavors: r-devel-linux-x86_64-debian-clang, r-devel-linux-x86_64-debian-gcc, r-patched-linux-x86_64, r-patched-solaris-sparc, r-patched-solaris-x86, r-release-linux-x86_64, r-release-osx-x86_64-mavericks
Version: 0.1
Flags: --no-stop-on-test-error
Check: data for non-ASCII characters
Result: NOTE
Note: found 2 marked Latin-1 strings
Flavors: r-devel-linux-x86_64-fedora-clang, r-devel-linux-x86_64-fedora-gcc, r-devel-macos-x86_64-clang
Version: 0.1
Check: data for non-ASCII characters
Result: NOTE
Note: found 2 marked Latin-1 strings
Flavors: r-patched-solaris-sparc, r-patched-solaris-x86, r-release-osx-x86_64-mavericks, r-oldrel-windows-ix86+x86_64