CRAN Package Check Results for Package DSsim

Last updated on 2017-02-24 23:52:23.

Flavor Version Tinstall Tcheck Ttotal Status Flags
r-devel-linux-x86_64-debian-clang 1.1.1 5.00 125.75 130.75 OK
r-devel-linux-x86_64-debian-gcc 1.1.1 5.20 116.64 121.84 OK
r-devel-linux-x86_64-fedora-clang 1.1.1 284.39 NOTE --no-stop-on-test-error
r-devel-linux-x86_64-fedora-gcc 1.1.1 265.19 NOTE --no-stop-on-test-error
r-devel-macos-x86_64-clang 1.1.1 145.06 NOTE --no-stop-on-test-error
r-devel-windows-ix86+x86_64 1.1.1 34.00 273.00 307.00 OK
r-patched-linux-x86_64 1.1.0 4.77 105.51 110.28 OK
r-patched-solaris-sparc 1.1.1 1256.60 NOTE
r-patched-solaris-x86 1.1.1 238.80 NOTE
r-release-linux-x86_64 1.1.1 4.90 104.96 109.87 OK
r-release-osx-x86_64-mavericks 1.1.1 NOTE
r-release-windows-ix86+x86_64 1.1.1 21.00 175.00 196.00 OK
r-oldrel-windows-ix86+x86_64 1.1.1 23.00 337.00 360.00 NOTE

Check Details

Version: 1.1.1
Flags: --no-stop-on-test-error
Check: dependencies in R code
Result: NOTE
    Namespace in Imports field not imported from: ‘shapefiles’
     All declared Imports should be used.
Flavors: r-devel-linux-x86_64-fedora-clang, r-devel-linux-x86_64-fedora-gcc, r-devel-macos-x86_64-clang

Version: 1.1.1
Check: dependencies in R code
Result: NOTE
    Namespace in Imports field not imported from: ‘shapefiles’
     All declared Imports should be used.
Flavors: r-patched-solaris-sparc, r-patched-solaris-x86, r-release-osx-x86_64-mavericks, r-oldrel-windows-ix86+x86_64