Last updated on 2017-02-24 23:52:21.
Flavor | Version | Tinstall | Tcheck | Ttotal | Status | Flags |
---|---|---|---|---|---|---|
r-devel-linux-x86_64-debian-clang | 1.0-1 | 4.06 | 52.42 | 56.48 | NOTE | |
r-devel-linux-x86_64-debian-gcc | 1.0-1 | 4.26 | 53.57 | 57.82 | NOTE | |
r-devel-linux-x86_64-fedora-clang | 1.0-1 | 114.60 | NOTE | --no-stop-on-test-error | ||
r-devel-linux-x86_64-fedora-gcc | 1.0-1 | 125.60 | NOTE | --no-stop-on-test-error | ||
r-devel-macos-x86_64-clang | 1.0-1 | 88.12 | NOTE | --no-stop-on-test-error | ||
r-devel-windows-ix86+x86_64 | 1.0-1 | 35.00 | 111.00 | 146.00 | OK | |
r-patched-linux-x86_64 | 1.0-1 | 6.13 | 49.73 | 55.85 | OK | |
r-patched-solaris-sparc | 1.0-1 | 598.60 | OK | |||
r-patched-solaris-x86 | 1.0-1 | 138.00 | OK | |||
r-release-linux-x86_64 | 1.0-1 | 4.06 | 54.50 | 58.56 | OK | |
r-release-osx-x86_64-mavericks | 1.0-1 | OK | ||||
r-release-windows-ix86+x86_64 | 1.0-1 | 21.00 | 144.00 | 165.00 | OK | |
r-oldrel-windows-ix86+x86_64 | 1.0-1 | 21.00 | 213.00 | 234.00 | OK |
Version: 1.0-1
Check: compiled code
Result: NOTE
File ‘Datasmith/libs/Datasmith.so’:
Found no calls to: ‘R_registerRoutines’, ‘R_useDynamicSymbols’
It is good practice to register native routines and to disable symbol
search.
See ‘Writing portable packages’ in the ‘Writing R Extensions’ manual.
Flavors: r-devel-linux-x86_64-debian-clang, r-devel-linux-x86_64-debian-gcc
Version: 1.0-1
Flags: --no-stop-on-test-error
Check: compiled code
Result: NOTE
File ‘Datasmith/libs/Datasmith.so’:
Found no calls to: ‘R_registerRoutines’, ‘R_useDynamicSymbols’
It is good practice to register native routines and to disable symbol
search.
See ‘Writing portable packages’ in the ‘Writing R Extensions’ manual.
Flavors: r-devel-linux-x86_64-fedora-clang, r-devel-linux-x86_64-fedora-gcc, r-devel-macos-x86_64-clang