Last updated on 2017-02-24 23:52:22.
Flavor | Version | Tinstall | Tcheck | Ttotal | Status | Flags |
---|---|---|---|---|---|---|
r-devel-linux-x86_64-debian-clang | 0.9.0 | 4.14 | 228.75 | 232.89 | OK | |
r-devel-linux-x86_64-debian-gcc | 0.9.0 | 4.54 | 209.73 | 214.27 | OK | |
r-devel-linux-x86_64-fedora-clang | 0.9.0 | 399.40 | NOTE | --no-stop-on-test-error | ||
r-devel-linux-x86_64-fedora-gcc | 0.9.0 | 397.27 | NOTE | --no-stop-on-test-error | ||
r-devel-macos-x86_64-clang | 0.9.0 | 344.29 | NOTE | --no-stop-on-test-error | ||
r-devel-windows-ix86+x86_64 | 0.9.0 | 25.00 | 327.00 | 352.00 | NOTE | |
r-patched-linux-x86_64 | 0.9.0 | 4.48 | 222.73 | 227.21 | OK | |
r-patched-solaris-sparc | 0.9.0 | 1996.50 | NOTE | |||
r-patched-solaris-x86 | 0.9.0 | 551.50 | NOTE | |||
r-release-linux-x86_64 | 0.9.0 | 4.13 | 198.79 | 202.92 | OK | |
r-release-osx-x86_64-mavericks | 0.9.0 | NOTE | ||||
r-release-windows-ix86+x86_64 | 0.9.0 | 24.00 | 392.00 | 416.00 | NOTE | |
r-oldrel-windows-ix86+x86_64 | 0.9.0 | 31.00 | 540.00 | 571.00 | NOTE |
Version: 0.9.0
Flags: --no-stop-on-test-error
Check: installed package size
Result: NOTE
installed size is 10.6Mb
sub-directories of 1Mb or more:
extdata 2.4Mb
htmlwidgets 4.7Mb
img 2.8Mb
Flavors: r-devel-linux-x86_64-fedora-clang, r-devel-linux-x86_64-fedora-gcc, r-devel-macos-x86_64-clang
Version: 0.9.0
Flags: --no-stop-on-test-error
Check: package dependencies
Result: NOTE
Package suggested but not available for checking: ‘rsvg’
Flavor: r-devel-macos-x86_64-clang
Version: 0.9.0
Check: installed package size
Result: NOTE
installed size is 10.5Mb
sub-directories of 1Mb or more:
extdata 2.4Mb
htmlwidgets 4.6Mb
img 2.8Mb
Flavors: r-devel-windows-ix86+x86_64, r-patched-solaris-sparc, r-patched-solaris-x86, r-release-osx-x86_64-mavericks, r-release-windows-ix86+x86_64, r-oldrel-windows-ix86+x86_64
Version: 0.9.0
Check: package dependencies
Result: NOTE
Packages suggested but not available for checking: ‘DiagrammeRsvg’ ‘rsvg’
Flavor: r-patched-solaris-sparc
Version: 0.9.0
Check: package dependencies
Result: NOTE
Package suggested but not available for checking: ‘rsvg’
Flavor: r-patched-solaris-x86