CRAN Package Check Results for Package DiffusionRgqd

Last updated on 2017-02-24 23:52:22.

Flavor Version Tinstall Tcheck Ttotal Status Flags
r-devel-linux-x86_64-debian-clang 0.1.3 12.11 46.89 59.00 NOTE
r-devel-linux-x86_64-debian-gcc 0.1.3 12.63 46.55 59.18 NOTE
r-devel-linux-x86_64-fedora-clang 0.1.3 112.49 NOTE --no-stop-on-test-error
r-devel-linux-x86_64-fedora-gcc 0.1.3 111.09 NOTE --no-stop-on-test-error
r-devel-macos-x86_64-clang 0.1.3 79.53 NOTE --no-stop-on-test-error
r-devel-windows-ix86+x86_64 0.1.3 60.00 126.00 186.00 NOTE
r-patched-linux-x86_64 0.1.3 10.29 44.54 54.83 OK
r-patched-solaris-sparc 0.1.3 559.60 NOTE
r-patched-solaris-x86 0.1.3 104.70 NOTE
r-release-linux-x86_64 0.1.3 10.32 43.23 53.55 OK
r-release-osx-x86_64-mavericks 0.1.3 NOTE
r-release-windows-ix86+x86_64 0.1.3 58.00 120.00 178.00 NOTE
r-oldrel-windows-ix86+x86_64 0.1.3 54.00 195.00 249.00 NOTE

Check Details

Version: 0.1.3
Check: compiled code
Result: NOTE
    File ‘DiffusionRgqd/libs/DiffusionRgqd.so’:
     Found no calls to: ‘R_registerRoutines’, ‘R_useDynamicSymbols’
    
    It is good practice to register native routines and to disable symbol
    search.
    
    See ‘Writing portable packages’ in the ‘Writing R Extensions’ manual.
Flavors: r-devel-linux-x86_64-debian-clang, r-devel-linux-x86_64-debian-gcc

Version: 0.1.3
Flags: --no-stop-on-test-error
Check: installed package size
Result: NOTE
     installed size is 6.2Mb
     sub-directories of 1Mb or more:
     doc 5.2Mb
Flavors: r-devel-linux-x86_64-fedora-clang, r-devel-linux-x86_64-fedora-gcc, r-devel-macos-x86_64-clang

Version: 0.1.3
Flags: --no-stop-on-test-error
Check: compiled code
Result: NOTE
    File ‘DiffusionRgqd/libs/DiffusionRgqd.so’:
     Found no calls to: ‘R_registerRoutines’, ‘R_useDynamicSymbols’
    
    It is good practice to register native routines and to disable symbol
    search.
    
    See ‘Writing portable packages’ in the ‘Writing R Extensions’ manual.
Flavors: r-devel-linux-x86_64-fedora-clang, r-devel-linux-x86_64-fedora-gcc, r-devel-macos-x86_64-clang

Version: 0.1.3
Check: installed package size
Result: NOTE
     installed size is 7.2Mb
     sub-directories of 1Mb or more:
     doc 5.1Mb
     libs 1.4Mb
Flavors: r-devel-windows-ix86+x86_64, r-patched-solaris-sparc, r-patched-solaris-x86, r-release-osx-x86_64-mavericks, r-release-windows-ix86+x86_64, r-oldrel-windows-ix86+x86_64