CRAN Package Check Results for Package EMMIXcontrasts

Last updated on 2017-02-24 23:52:24.

Flavor Version Tinstall Tcheck Ttotal Status Flags
r-devel-linux-x86_64-debian-clang 1.0.0 4.39 14.00 18.39 WARN
r-devel-linux-x86_64-debian-gcc 1.0.0 4.37 13.81 18.19 WARN
r-devel-linux-x86_64-fedora-clang 1.0.0 30.24 WARN --no-stop-on-test-error
r-devel-linux-x86_64-fedora-gcc 1.0.0 30.73 WARN --no-stop-on-test-error
r-devel-macos-x86_64-clang 1.0.0 27.22 WARN --no-stop-on-test-error
r-devel-windows-ix86+x86_64 1.0.0 21.00 47.00 68.00 NOTE
r-patched-linux-x86_64 1.0.0 3.69 12.15 15.84 NOTE
r-patched-solaris-sparc 1.0.0 160.30 NOTE
r-patched-solaris-x86 1.0.0 38.00 NOTE
r-release-linux-x86_64 1.0.0 3.76 12.03 15.80 NOTE
r-release-osx-x86_64-mavericks 1.0.0 NOTE
r-release-windows-ix86+x86_64 1.0.0 19.00 31.00 50.00 NOTE
r-oldrel-windows-ix86+x86_64 1.0.0 27.00 29.00 56.00 NOTE

Check Details

Version: 1.0.0
Check: whether package can be installed
Result: WARN
    Found the following significant warnings:
     Warning: Integer division truncated to constant ‘1’ at (1) [-Winteger-division]
Flavors: r-devel-linux-x86_64-debian-clang, r-devel-linux-x86_64-debian-gcc

Version: 1.0.0
Check: DESCRIPTION meta-information
Result: NOTE
    Malformed Title field: should not end in a period.
Flavors: r-devel-linux-x86_64-debian-clang, r-devel-linux-x86_64-debian-gcc, r-devel-windows-ix86+x86_64, r-patched-linux-x86_64, r-patched-solaris-sparc, r-patched-solaris-x86, r-release-linux-x86_64, r-release-osx-x86_64-mavericks, r-release-windows-ix86+x86_64, r-oldrel-windows-ix86+x86_64

Version: 1.0.0
Check: R code for possible problems
Result: NOTE
    wire.init.fit : wire.init.km: no visible global function definition for
     ‘kmeans’
    wire.init.reg: no visible global function definition for ‘lm’
    wire.init.reg: no visible global function definition for ‘coef’
    wire.init.reg: no visible global function definition for ‘resid’
    Undefined global functions or variables:
     coef kmeans lm resid
    Consider adding
     importFrom("stats", "coef", "kmeans", "lm", "resid")
    to your NAMESPACE file.
Flavors: r-devel-linux-x86_64-debian-clang, r-devel-linux-x86_64-debian-gcc, r-devel-windows-ix86+x86_64, r-patched-linux-x86_64, r-patched-solaris-sparc, r-patched-solaris-x86, r-release-linux-x86_64, r-release-osx-x86_64-mavericks, r-release-windows-ix86+x86_64

Version: 1.0.0
Check: compiled code
Result: NOTE
    File ‘EMMIXcontrasts/libs/EMMIXcontrasts.so’:
     Found no calls to: ‘R_registerRoutines’, ‘R_useDynamicSymbols’
    
    It is good practice to register native routines and to disable symbol
    search.
    
    See ‘Writing portable packages’ in the ‘Writing R Extensions’ manual.
Flavors: r-devel-linux-x86_64-debian-clang, r-devel-linux-x86_64-debian-gcc

Version: 1.0.0
Flags: --no-stop-on-test-error
Check: whether package can be installed
Result: WARN
    Found the following significant warnings:
     Warning: Integer division truncated to constant ‘1’ at (1) [-Winteger-division]
Flavors: r-devel-linux-x86_64-fedora-clang, r-devel-linux-x86_64-fedora-gcc, r-devel-macos-x86_64-clang

Version: 1.0.0
Flags: --no-stop-on-test-error
Check: DESCRIPTION meta-information
Result: NOTE
    Malformed Title field: should not end in a period.
Flavors: r-devel-linux-x86_64-fedora-clang, r-devel-linux-x86_64-fedora-gcc, r-devel-macos-x86_64-clang

Version: 1.0.0
Flags: --no-stop-on-test-error
Check: R code for possible problems
Result: NOTE
    wire.init.fit : wire.init.km: no visible global function definition for
     ‘kmeans’
    wire.init.reg: no visible global function definition for ‘lm’
    wire.init.reg: no visible global function definition for ‘coef’
    wire.init.reg: no visible global function definition for ‘resid’
    Undefined global functions or variables:
     coef kmeans lm resid
    Consider adding
     importFrom("stats", "coef", "kmeans", "lm", "resid")
    to your NAMESPACE file.
Flavors: r-devel-linux-x86_64-fedora-clang, r-devel-linux-x86_64-fedora-gcc, r-devel-macos-x86_64-clang

Version: 1.0.0
Flags: --no-stop-on-test-error
Check: compiled code
Result: NOTE
    File ‘EMMIXcontrasts/libs/EMMIXcontrasts.so’:
     Found no calls to: ‘R_registerRoutines’, ‘R_useDynamicSymbols’
    
    It is good practice to register native routines and to disable symbol
    search.
    
    See ‘Writing portable packages’ in the ‘Writing R Extensions’ manual.
Flavors: r-devel-linux-x86_64-fedora-clang, r-devel-linux-x86_64-fedora-gcc, r-devel-macos-x86_64-clang