CRAN Package Check Results for Package ESEA

Last updated on 2017-02-24 23:52:24.

Flavor Version Tinstall Tcheck Ttotal Status Flags
r-devel-linux-x86_64-debian-clang 1.0 2.96 138.43 141.39 NOTE
r-devel-linux-x86_64-debian-gcc 1.0 3.06 122.15 125.21 NOTE
r-devel-linux-x86_64-fedora-clang 1.0 238.04 NOTE --no-stop-on-test-error
r-devel-linux-x86_64-fedora-gcc 1.0 237.08 NOTE --no-stop-on-test-error
r-devel-macos-x86_64-clang 1.0 184.98 NOTE --no-stop-on-test-error
r-devel-windows-ix86+x86_64 1.0 15.00 184.00 199.00 NOTE
r-patched-linux-x86_64 1.0 3.05 143.47 146.52 NOTE
r-patched-solaris-sparc 1.0 1912.20 NOTE
r-patched-solaris-x86 1.0 494.50 NOTE
r-release-linux-x86_64 1.0 3.00 144.95 147.95 NOTE
r-release-osx-x86_64-mavericks 1.0 NOTE
r-release-windows-ix86+x86_64 1.0 9.00 282.00 291.00 NOTE
r-oldrel-windows-ix86+x86_64 1.0 10.00 499.00 509.00 OK

Check Details

Version: 1.0
Check: R code for possible problems
Result: NOTE
    ESEA.Main: no visible global function definition for ‘rnorm’
    ESEA.Main: no visible global function definition for ‘sd’
    ESEA.Main: no visible global function definition for ‘p.adjust’
    PlotGlobEdgeCorProfile: no visible global function definition for
     ‘plot’
    PlotGlobEdgeCorProfile: no visible global function definition for
     ‘lines’
    PlotGlobEdgeCorProfile: no visible global function definition for
     ‘colors’
    PlotGlobEdgeCorProfile: no visible global function definition for
     ‘points’
    PlotGlobEdgeCorProfile: no visible global function definition for
     ‘legend’
    PlotGlobEdgeCorProfile: no visible global function definition for
     ‘text’
    PlotPathwayGraph: no visible global function definition for ‘par’
    PlotPathwayGraph: no visible global function definition for ‘plot’
    PlotRunEnrichment: no visible global function definition for ‘plot’
    PlotRunEnrichment: no visible global function definition for ‘lines’
    PlotRunEnrichment: no visible global function definition for ‘colors’
    PlotRunEnrichment: no visible global function definition for ‘text’
    SavePathway2File: no visible global function definition for ‘is’
    calEdgeCorScore: no visible global function definition for ‘na.omit’
    Undefined global functions or variables:
     colors is legend lines na.omit p.adjust par plot points rnorm sd text
    Consider adding
     importFrom("grDevices", "colors")
     importFrom("graphics", "legend", "lines", "par", "plot", "points",
     "text")
     importFrom("methods", "is")
     importFrom("stats", "na.omit", "p.adjust", "rnorm", "sd")
    to your NAMESPACE file (and ensure that your DESCRIPTION Imports field
    contains 'methods').
Flavors: r-devel-linux-x86_64-debian-clang, r-devel-linux-x86_64-debian-gcc, r-devel-windows-ix86+x86_64, r-patched-linux-x86_64, r-patched-solaris-sparc, r-patched-solaris-x86, r-release-linux-x86_64, r-release-osx-x86_64-mavericks, r-release-windows-ix86+x86_64

Version: 1.0
Flags: --no-stop-on-test-error
Check: R code for possible problems
Result: NOTE
    ESEA.Main: no visible global function definition for ‘rnorm’
    ESEA.Main: no visible global function definition for ‘sd’
    ESEA.Main: no visible global function definition for ‘p.adjust’
    PlotGlobEdgeCorProfile: no visible global function definition for
     ‘plot’
    PlotGlobEdgeCorProfile: no visible global function definition for
     ‘lines’
    PlotGlobEdgeCorProfile: no visible global function definition for
     ‘colors’
    PlotGlobEdgeCorProfile: no visible global function definition for
     ‘points’
    PlotGlobEdgeCorProfile: no visible global function definition for
     ‘legend’
    PlotGlobEdgeCorProfile: no visible global function definition for
     ‘text’
    PlotPathwayGraph: no visible global function definition for ‘par’
    PlotPathwayGraph: no visible global function definition for ‘plot’
    PlotRunEnrichment: no visible global function definition for ‘plot’
    PlotRunEnrichment: no visible global function definition for ‘lines’
    PlotRunEnrichment: no visible global function definition for ‘colors’
    PlotRunEnrichment: no visible global function definition for ‘text’
    SavePathway2File: no visible global function definition for ‘is’
    calEdgeCorScore: no visible global function definition for ‘na.omit’
    Undefined global functions or variables:
     colors is legend lines na.omit p.adjust par plot points rnorm sd text
    Consider adding
     importFrom("grDevices", "colors")
     importFrom("graphics", "legend", "lines", "par", "plot", "points",
     "text")
     importFrom("methods", "is")
     importFrom("stats", "na.omit", "p.adjust", "rnorm", "sd")
    to your NAMESPACE file (and ensure that your DESCRIPTION Imports field
    contains 'methods').
Flavors: r-devel-linux-x86_64-fedora-clang, r-devel-linux-x86_64-fedora-gcc, r-devel-macos-x86_64-clang