CRAN Package Check Results for Package ElemStatLearn

Last updated on 2017-02-24 23:52:24.

Flavor Version Tinstall Tcheck Ttotal Status Flags
r-devel-linux-x86_64-debian-clang 2015.6.26 25.46 24.91 50.37 OK
r-devel-linux-x86_64-debian-gcc 2015.6.26 25.45 24.69 50.14 OK
r-devel-linux-x86_64-fedora-clang 2015.6.26 86.93 NOTE --no-stop-on-test-error
r-devel-linux-x86_64-fedora-gcc 2015.6.26 90.27 NOTE --no-stop-on-test-error
r-devel-macos-x86_64-clang 2015.6.26 72.31 NOTE --no-stop-on-test-error
r-devel-windows-ix86+x86_64 2015.6.26 53.00 45.00 98.00 NOTE
r-patched-linux-x86_64 2015.6.26 24.13 22.39 46.53 OK
r-patched-solaris-sparc 2015.6.26 590.50 NOTE
r-patched-solaris-x86 2015.6.26 147.50 NOTE
r-release-linux-x86_64 2015.6.26 25.72 21.52 47.24 OK
r-release-osx-x86_64-mavericks 2015.6.26 NOTE
r-release-windows-ix86+x86_64 2015.6.26 48.00 53.00 101.00 NOTE
r-oldrel-windows-ix86+x86_64 2015.6.26 54.00 83.00 137.00 NOTE

Check Details

Version: 2015.6.26
Flags: --no-stop-on-test-error
Check: installed package size
Result: NOTE
     installed size is 11.7Mb
     sub-directories of 1Mb or more:
     data 11.5Mb
Flavors: r-devel-linux-x86_64-fedora-clang, r-devel-linux-x86_64-fedora-gcc, r-devel-macos-x86_64-clang

Version: 2015.6.26
Check: installed package size
Result: NOTE
     installed size is 11.6Mb
     sub-directories of 1Mb or more:
     data 11.5Mb
Flavors: r-devel-windows-ix86+x86_64, r-patched-solaris-sparc, r-patched-solaris-x86, r-release-osx-x86_64-mavericks, r-release-windows-ix86+x86_64, r-oldrel-windows-ix86+x86_64