CRAN Package Check Results for Package EmiStatR

Last updated on 2017-02-24 23:52:24.

Flavor Version Tinstall Tcheck Ttotal Status Flags
r-devel-linux-x86_64-debian-clang 1.2.0 1.68 29.68 31.36 NOTE
r-devel-linux-x86_64-debian-gcc 1.2.0 1.62 28.62 30.24 NOTE
r-devel-linux-x86_64-fedora-clang 1.2.0 45.11 NOTE --no-stop-on-test-error
r-devel-linux-x86_64-fedora-gcc 1.2.0 46.83 NOTE --no-stop-on-test-error
r-devel-macos-x86_64-clang 1.2.0 36.96 NOTE --no-stop-on-test-error
r-devel-windows-ix86+x86_64 1.2.0 24.00 982.00 1006.00 OK
r-patched-linux-x86_64 1.2.0 1.46 22.80 24.26 OK
r-patched-solaris-sparc 1.2.0 275.70 OK
r-patched-solaris-x86 1.2.0 63.90 OK
r-release-linux-x86_64 1.2.0 1.68 22.63 24.30 OK
r-release-osx-x86_64-mavericks 1.2.0 OK
r-release-windows-ix86+x86_64 1.2.0 12.00 954.00 966.00 OK
r-oldrel-windows-ix86+x86_64 1.2.0 12.00 1262.00 1274.00 OK

Check Details

Version: 1.2.0
Check: compiled code
Result: NOTE
    File ‘EmiStatR/libs/EmiStatR.so’:
     Found no calls to: ‘R_registerRoutines’, ‘R_useDynamicSymbols’
    
    It is good practice to register native routines and to disable symbol
    search.
    
    See ‘Writing portable packages’ in the ‘Writing R Extensions’ manual.
Flavors: r-devel-linux-x86_64-debian-clang, r-devel-linux-x86_64-debian-gcc

Version: 1.2.0
Flags: --no-stop-on-test-error
Check: compiled code
Result: NOTE
    File ‘EmiStatR/libs/EmiStatR.so’:
     Found no calls to: ‘R_registerRoutines’, ‘R_useDynamicSymbols’
    
    It is good practice to register native routines and to disable symbol
    search.
    
    See ‘Writing portable packages’ in the ‘Writing R Extensions’ manual.
Flavors: r-devel-linux-x86_64-fedora-clang, r-devel-linux-x86_64-fedora-gcc, r-devel-macos-x86_64-clang