Last updated on 2017-02-24 23:52:26.
Flavor | Version | Tinstall | Tcheck | Ttotal | Status | Flags |
---|---|---|---|---|---|---|
r-devel-linux-x86_64-debian-clang | 0.0.4 | 20.21 | 175.04 | 195.26 | NOTE | |
r-devel-linux-x86_64-debian-gcc | 0.0.4 | 22.32 | 172.01 | 194.33 | NOTE | |
r-devel-linux-x86_64-fedora-clang | 0.0.4 | 363.03 | NOTE | --no-stop-on-test-error | ||
r-devel-linux-x86_64-fedora-gcc | 0.0.4 | 362.23 | NOTE | --no-stop-on-test-error | ||
r-devel-macos-x86_64-clang | 0.0.4 | 232.18 | NOTE | --no-stop-on-test-error | ||
r-devel-windows-ix86+x86_64 | 0.0.4 | 102.00 | 274.00 | 376.00 | OK | |
r-patched-linux-x86_64 | 0.0.4 | 18.41 | 173.20 | 191.61 | OK | |
r-patched-solaris-sparc | 0.0.4 | 3389.10 | OK | |||
r-patched-solaris-x86 | 0.0.4 | 415.60 | OK | |||
r-release-linux-x86_64 | 0.0.4 | 19.01 | 173.16 | 192.16 | OK | |
r-release-osx-x86_64-mavericks | 0.0.4 | NOTE | ||||
r-release-windows-ix86+x86_64 | 0.0.4 | 76.00 | 349.00 | 425.00 | OK | |
r-oldrel-windows-ix86+x86_64 | 0.0.4 | 25.00 | 4.00 | 29.00 | ERROR |
Version: 0.0.4
Check: compiled code
Result: NOTE
File ‘FIT/libs/FIT.so’:
Found no calls to: ‘R_registerRoutines’, ‘R_useDynamicSymbols’
It is good practice to register native routines and to disable symbol
search.
See ‘Writing portable packages’ in the ‘Writing R Extensions’ manual.
Flavors: r-devel-linux-x86_64-debian-clang, r-devel-linux-x86_64-debian-gcc
Version: 0.0.4
Flags: --no-stop-on-test-error
Check: installed package size
Result: NOTE
installed size is 8.8Mb
sub-directories of 1Mb or more:
libs 7.9Mb
Flavors: r-devel-linux-x86_64-fedora-clang, r-devel-linux-x86_64-fedora-gcc
Version: 0.0.4
Flags: --no-stop-on-test-error
Check: compiled code
Result: NOTE
File ‘FIT/libs/FIT.so’:
Found no calls to: ‘R_registerRoutines’, ‘R_useDynamicSymbols’
It is good practice to register native routines and to disable symbol
search.
See ‘Writing portable packages’ in the ‘Writing R Extensions’ manual.
Flavors: r-devel-linux-x86_64-fedora-clang, r-devel-linux-x86_64-fedora-gcc, r-devel-macos-x86_64-clang
Version: 0.0.4
Check: installed package size
Result: NOTE
installed size is 8.9Mb
sub-directories of 1Mb or more:
libs 8.0Mb
Flavor: r-release-osx-x86_64-mavericks
Version: 0.0.4
Check: whether package can be installed
Result: ERROR
Installation failed.
Flavor: r-oldrel-windows-ix86+x86_64