CRAN Package Check Results for Package FLR

Last updated on 2017-02-24 23:52:26.

Flavor Version Tinstall Tcheck Ttotal Status Flags
r-devel-linux-x86_64-debian-clang 1.0 0.64 11.82 12.46 NOTE
r-devel-linux-x86_64-debian-gcc 1.0 0.68 11.81 12.49 NOTE
r-devel-linux-x86_64-fedora-clang 1.0 20.27 NOTE --no-stop-on-test-error
r-devel-linux-x86_64-fedora-gcc 1.0 20.30 NOTE --no-stop-on-test-error
r-devel-macos-x86_64-clang 1.0 18.62 NOTE --no-stop-on-test-error
r-devel-windows-ix86+x86_64 1.0 3.00 36.00 39.00 NOTE
r-patched-linux-x86_64 1.0 0.61 10.28 10.89 NOTE
r-patched-solaris-sparc 1.0 116.60 NOTE
r-patched-solaris-x86 1.0 25.40 NOTE
r-release-linux-x86_64 1.0 0.59 10.06 10.65 NOTE
r-release-osx-x86_64-mavericks 1.0 NOTE
r-release-windows-ix86+x86_64 1.0 2.00 28.00 30.00 NOTE
r-oldrel-windows-ix86+x86_64 1.0 3.00 27.00 30.00 NOTE

Check Details

Version: 1.0
Check: DESCRIPTION meta-information
Result: NOTE
    Malformed Description field: should contain one or more complete sentences.
Flavors: r-devel-linux-x86_64-debian-clang, r-devel-linux-x86_64-debian-gcc, r-devel-windows-ix86+x86_64, r-patched-linux-x86_64, r-patched-solaris-sparc, r-patched-solaris-x86, r-release-linux-x86_64, r-release-osx-x86_64-mavericks, r-release-windows-ix86+x86_64, r-oldrel-windows-ix86+x86_64

Version: 1.0
Flags: --no-stop-on-test-error
Check: DESCRIPTION meta-information
Result: NOTE
    Malformed Description field: should contain one or more complete sentences.
Flavors: r-devel-linux-x86_64-fedora-clang, r-devel-linux-x86_64-fedora-gcc, r-devel-macos-x86_64-clang