Last updated on 2017-02-24 23:52:27.
Flavor | Version | Tinstall | Tcheck | Ttotal | Status | Flags |
---|---|---|---|---|---|---|
r-devel-linux-x86_64-debian-clang | 1.8 | 1.88 | 98.11 | 99.99 | NOTE | |
r-devel-linux-x86_64-debian-gcc | 1.8 | 1.71 | 93.62 | 95.33 | NOTE | |
r-devel-linux-x86_64-fedora-clang | 1.8 | 177.47 | NOTE | --no-stop-on-test-error | ||
r-devel-linux-x86_64-fedora-gcc | 1.8 | 173.80 | NOTE | --no-stop-on-test-error | ||
r-devel-macos-x86_64-clang | 1.8 | 130.80 | NOTE | --no-stop-on-test-error | ||
r-devel-windows-ix86+x86_64 | 1.8 | 16.00 | 147.00 | 163.00 | NOTE | |
r-patched-linux-x86_64 | 1.8 | 1.51 | 90.93 | 92.44 | NOTE | |
r-patched-solaris-sparc | 1.8 | 1021.80 | NOTE | |||
r-patched-solaris-x86 | 1.8 | 184.50 | NOTE | |||
r-release-linux-x86_64 | 1.8 | 1.49 | 85.51 | 87.00 | NOTE | |
r-release-osx-x86_64-mavericks | 1.8 | NOTE | ||||
r-release-windows-ix86+x86_64 | 1.8 | 9.00 | 185.00 | 194.00 | NOTE | |
r-oldrel-windows-ix86+x86_64 | 1.8 | 15.00 | 226.00 | 241.00 | NOTE |
Version: 1.8
Check: S3 generic/method consistency
Result: NOTE
Found the following apparent S3 methods exported but not registered:
FRBhotellingMM.default FRBhotellingMM.formula FRBhotellingS.default
FRBhotellingS.formula FRBmultiregGS.default FRBmultiregGS.formula
FRBmultiregMM.default FRBmultiregMM.formula FRBmultiregS.default
FRBmultiregS.formula FRBpcaMM.default FRBpcaMM.formula
FRBpcaS.default FRBpcaS.formula GSest_multireg.default
GSest_multireg.formula MMest_multireg.default MMest_multireg.formula
Sest_multireg.default Sest_multireg.formula diagplot.FRBhot
diagplot.FRBmultireg diagplot.FRBpca plot.FRBhot plot.FRBmultireg
plot.FRBpca predict.FRBmultireg print.FRBmultireg print.FRBpca
print.summary.FRBhot print.summary.FRBmultireg print.summary.FRBpca
summary.FRBhot summary.FRBmultireg summary.FRBpca vcov.FRBmultireg
See section ‘Registering S3 methods’ in the ‘Writing R Extensions’
manual.
Flavors: r-devel-linux-x86_64-debian-clang, r-devel-linux-x86_64-debian-gcc, r-patched-linux-x86_64, r-patched-solaris-sparc, r-patched-solaris-x86, r-release-linux-x86_64
Version: 1.8
Check: R code for possible problems
Result: NOTE
FRBhotellingMM.default: no visible binding for global variable
‘na.omit’
FRBhotellingMM.formula: no visible global function definition for
‘terms’
FRBhotellingMM.formula: no visible global function definition for
‘model.matrix’
FRBhotellingS.default: no visible binding for global variable ‘na.omit’
FRBhotellingS.formula: no visible global function definition for
‘terms’
FRBhotellingS.formula: no visible global function definition for
‘model.matrix’
FRBmultiregGS.default: no visible binding for global variable ‘na.omit’
FRBmultiregGS.formula: no visible global function definition for
‘terms’
FRBmultiregGS.formula: no visible global function definition for
‘model.matrix’
FRBmultiregMM.default: no visible binding for global variable ‘na.omit’
FRBmultiregMM.formula: no visible global function definition for
‘terms’
FRBmultiregMM.formula: no visible global function definition for
‘model.matrix’
FRBmultiregMM.formula: no visible global function definition for
‘.getXlevels’
FRBmultiregS.default: no visible binding for global variable ‘na.omit’
FRBmultiregS.formula: no visible global function definition for ‘terms’
FRBmultiregS.formula: no visible global function definition for
‘model.matrix’
FRBpcaMM.default: no visible binding for global variable ‘na.omit’
FRBpcaMM.default: no visible binding for global variable ‘var’
FRBpcaMM.default: no visible global function definition for ‘qnorm’
FRBpcaMM.default: no visible global function definition for ‘pnorm’
FRBpcaMM.formula: no visible global function definition for ‘terms’
FRBpcaMM.formula: no visible global function definition for
‘model.matrix’
FRBpcaS.default: no visible binding for global variable ‘na.omit’
FRBpcaS.default: no visible binding for global variable ‘var’
FRBpcaS.default: no visible global function definition for ‘qnorm’
FRBpcaS.default: no visible global function definition for ‘pnorm’
FRBpcaS.formula: no visible global function definition for ‘terms’
FRBpcaS.formula: no visible global function definition for
‘model.matrix’
GSboot_multireg : IRLSlocation: no visible global function definition
for ‘mahalanobis’
GSboot_multireg : pvalueCI_BCA : alphafunLow: no visible global
function definition for ‘qnorm’
GSboot_multireg : pvalueCI_BCA : alphafunLow: no visible global
function definition for ‘pnorm’
GSboot_multireg : pvalueCI_BCA : alphafunHigh: no visible global
function definition for ‘qnorm’
GSboot_multireg : pvalueCI_BCA : alphafunHigh: no visible global
function definition for ‘pnorm’
GSboot_multireg : pvalueCI_BCA: no visible global function definition
for ‘qnorm’
GSboot_multireg : pvalueCI_BCA: no visible global function definition
for ‘uniroot’
GSboot_multireg: no visible global function definition for ‘combn’
GSboot_multireg: no visible global function definition for
‘mahalanobis’
GSboot_multireg: no visible binding for global variable ‘var’
GSboot_multireg: no visible global function definition for ‘var’
GSeinfs_multireg: no visible global function definition for ‘combn’
GSeinfs_multireg: no visible global function definition for
‘mahalanobis’
GSest_multireg.default: no visible binding for global variable
‘na.omit’
GSest_multireg.default : resmultiGS: no visible global function
definition for ‘combn’
GSest_multireg.default : resmultiGS: no visible global function
definition for ‘mahalanobis’
GSest_multireg.default : resmultiGS: no visible global function
definition for ‘median’
GSest_multireg.default : resmultiGS: no visible global function
definition for ‘cov.wt’
GSest_multireg.default : scalemultiGS: no visible global function
definition for ‘median’
GSest_multireg.default : erf: no visible global function definition for
‘pnorm’
GSest_multireg.default : TbscGS: no visible global function definition
for ‘qchisq’
GSest_multireg.default : TbsbGSbenader: no visible global function
definition for ‘integrate’
GSest_multireg.default : IRLSlocation: no visible global function
definition for ‘mahalanobis’
GSest_multireg.default: no visible global function definition for
‘combn’
GSest_multireg.default: no visible global function definition for
‘mahalanobis’
GSest_multireg.default: no visible global function definition for
‘median’
GSest_multireg.default: no visible global function definition for
‘qchisq’
GSest_multireg.formula: no visible global function definition for
‘terms’
GSest_multireg.formula: no visible global function definition for
‘model.matrix’
GSest_multireg.formula: no visible global function definition for
‘.getXlevels’
MMboot_loccov: no visible global function definition for ‘mahalanobis’
MMboot_multireg : pvalueCI_BCA : alphafunLow: no visible global
function definition for ‘qnorm’
MMboot_multireg : pvalueCI_BCA : alphafunLow: no visible global
function definition for ‘pnorm’
MMboot_multireg : pvalueCI_BCA : alphafunHigh: no visible global
function definition for ‘qnorm’
MMboot_multireg : pvalueCI_BCA : alphafunHigh: no visible global
function definition for ‘pnorm’
MMboot_multireg : pvalueCI_BCA: no visible global function definition
for ‘qnorm’
MMboot_multireg : pvalueCI_BCA: no visible global function definition
for ‘uniroot’
MMboot_multireg: no visible global function definition for
‘mahalanobis’
MMboot_multireg: no visible binding for global variable ‘var’
MMboot_multireg: no visible global function definition for ‘var’
MMboot_twosample: no visible global function definition for
‘mahalanobis’
MMeinfs_multireg: no visible global function definition for
‘mahalanobis’
MMeinfs_pca: no visible global function definition for ‘mahalanobis’
MMest_multireg.default: no visible binding for global variable
‘na.omit’
MMest_multireg.default : chi.int: no visible global function definition
for ‘pchisq’
MMest_multireg.default: no visible global function definition for
‘mahalanobis’
MMest_multireg.default: no visible global function definition for
‘cov.wt’
MMest_multireg.default: no visible global function definition for
‘qchisq’
MMest_multireg.formula: no visible global function definition for
‘terms’
MMest_multireg.formula: no visible global function definition for
‘model.matrix’
MMest_multireg.formula: no visible global function definition for
‘.getXlevels’
MMest_twosample : chi.int: no visible global function definition for
‘pchisq’
MMest_twosample: no visible global function definition for
‘mahalanobis’
MMest_twosample: no visible global function definition for ‘qchisq’
Sboot_loccov: no visible global function definition for ‘mahalanobis’
Sboot_multireg : pvalueCI_BCA : alphafunLow: no visible global function
definition for ‘qnorm’
Sboot_multireg : pvalueCI_BCA : alphafunLow: no visible global function
definition for ‘pnorm’
Sboot_multireg : pvalueCI_BCA : alphafunHigh: no visible global
function definition for ‘qnorm’
Sboot_multireg : pvalueCI_BCA : alphafunHigh: no visible global
function definition for ‘pnorm’
Sboot_multireg : pvalueCI_BCA: no visible global function definition
for ‘qnorm’
Sboot_multireg : pvalueCI_BCA: no visible global function definition
for ‘uniroot’
Sboot_multireg: no visible global function definition for ‘mahalanobis’
Sboot_multireg: no visible binding for global variable ‘var’
Sboot_multireg: no visible global function definition for ‘var’
Sboot_twosample: no visible global function definition for
‘mahalanobis’
Seinfs_multireg: no visible global function definition for
‘mahalanobis’
Seinfs_pca: no visible global function definition for ‘mahalanobis’
Sest_multireg.default: no visible binding for global variable ‘na.omit’
Sest_multireg.default : IRLSstep: no visible global function definition
for ‘mahalanobis’
Sest_multireg.default : IRLSstep: no visible global function definition
for ‘median’
Sest_multireg.default : IRLSstep: no visible global function definition
for ‘cov.wt’
Sest_multireg.default : scale1: no visible global function definition
for ‘median’
Sest_multireg.default : randomset: no visible global function
definition for ‘runif’
Sest_multireg.default : chi.int: no visible global function definition
for ‘pchisq’
Sest_multireg.default : chi.int.p: no visible global function
definition for ‘dchisq’
Sest_multireg.default : chi.int2: no visible global function definition
for ‘pchisq’
Sest_multireg.default : chi.int2.p: no visible global function
definition for ‘dchisq’
Sest_multireg.default: no visible global function definition for
‘mahalanobis’
Sest_multireg.default: no visible global function definition for
‘qchisq’
Sest_multireg.formula: no visible global function definition for
‘terms’
Sest_multireg.formula: no visible global function definition for
‘model.matrix’
Sest_multireg.formula: no visible global function definition for
‘.getXlevels’
Sest_twosample : chi.int: no visible global function definition for
‘pchisq’
Sest_twosample : chi.int.p: no visible global function definition for
‘dchisq’
Sest_twosample : chi.int2: no visible global function definition for
‘pchisq’
Sest_twosample : chi.int2.p: no visible global function definition for
‘dchisq’
Sest_twosample : scale1: no visible global function definition for
‘median’
Sest_twosample : IRLSstep: no visible global function definition for
‘mahalanobis’
Sest_twosample : IRLSstep: no visible global function definition for
‘median’
Sest_twosample: no visible global function definition for ‘cov’
Sest_twosample: no visible global function definition for ‘mahalanobis’
Sest_twosample: no visible global function definition for ‘qchisq’
diagplot.FRBhot: no visible global function definition for
‘mahalanobis’
diagplot.FRBhot: no visible global function definition for ‘qchisq’
diagplot.FRBhot: no visible global function definition for ‘title’
diagplot.FRBhot: no visible global function definition for ‘abline’
diagplot.FRBhot: no visible global function definition for ‘text’
diagplot.FRBhot: no visible global function definition for ‘axis’
diagplot.FRBmultireg: no visible global function definition for
‘mahalanobis’
diagplot.FRBmultireg: no visible global function definition for ‘title’
diagplot.FRBmultireg: no visible global function definition for
‘abline’
diagplot.FRBmultireg: no visible global function definition for
‘qchisq’
diagplot.FRBmultireg: no visible global function definition for ‘text’
diagplot.FRBpca: no visible global function definition for
‘mahalanobis’
diagplot.FRBpca: no visible global function definition for ‘rnorm’
diagplot.FRBpca: no visible global function definition for ‘cov’
diagplot.FRBpca: no visible global function definition for ‘quantile’
diagplot.FRBpca: no visible global function definition for ‘title’
diagplot.FRBpca: no visible global function definition for ‘abline’
diagplot.FRBpca: no visible global function definition for ‘qchisq’
diagplot.FRBpca: no visible global function definition for ‘text’
plot.FRBhot: no visible global function definition for ‘par’
plot.FRBhot: no visible global function definition for ‘hist’
plot.FRBhot: no visible global function definition for ‘abline’
plot.FRBhot: no visible global function definition for ‘axis’
plot.FRBhot: no visible global function definition for ‘points’
plot.FRBhot: no visible global function definition for ‘lines’
plot.FRBmultireg: no visible global function definition for
‘devAskNewPage’
plot.FRBmultireg: no visible global function definition for ‘par’
plot.FRBmultireg: no visible global function definition for ‘hist’
plot.FRBmultireg: no visible global function definition for ‘abline’
plot.FRBpca: no visible global function definition for ‘devAskNewPage’
plotFRBangles: no visible global function definition for
‘devAskNewPage’
plotFRBangles: no visible global function definition for ‘par’
plotFRBangles: no visible global function definition for ‘hist’
plotFRBangles: no visible global function definition for ‘abline’
plotFRBloadings: no visible global function definition for
‘devAskNewPage’
plotFRBloadings: no visible global function definition for ‘par’
plotFRBloadings: no visible global function definition for ‘axis’
plotFRBloadings: no visible global function definition for ‘lines’
plotFRBloadings: no visible global function definition for ‘grid’
plotFRBloadings: no visible global function definition for ‘points’
plotFRBloadings: no visible global function definition for ‘abline’
plotFRBvars: no visible global function definition for ‘par’
plotFRBvars: no visible global function definition for ‘grid’
plotFRBvars: no visible global function definition for ‘lines’
plotFRBvars: no visible global function definition for ‘abline’
plotFRBvars: no visible global function definition for ‘points’
predict.FRBmultireg: no visible global function definition for
‘predict.mlm’
print.summary.FRBmultireg: no visible binding for global variable
‘quantile’
Undefined global functions or variables:
.getXlevels abline axis combn cov cov.wt dchisq devAskNewPage grid
hist integrate lines mahalanobis median model.matrix na.omit par
pchisq pnorm points predict.mlm qchisq qnorm quantile rnorm runif
terms text title uniroot var
Consider adding
importFrom("grDevices", "devAskNewPage")
importFrom("graphics", "abline", "axis", "grid", "hist", "lines",
"par", "points", "text", "title")
importFrom("stats", ".getXlevels", "cov", "cov.wt", "dchisq",
"integrate", "mahalanobis", "median", "model.matrix",
"na.omit", "pchisq", "pnorm", "qchisq", "qnorm", "quantile",
"rnorm", "runif", "terms", "uniroot", "var")
importFrom("utils", "combn")
to your NAMESPACE file.
Flavors: r-devel-linux-x86_64-debian-clang, r-devel-linux-x86_64-debian-gcc, r-devel-windows-ix86+x86_64, r-patched-linux-x86_64, r-patched-solaris-sparc, r-patched-solaris-x86, r-release-linux-x86_64, r-release-osx-x86_64-mavericks, r-release-windows-ix86+x86_64
Version: 1.8
Flags: --no-stop-on-test-error
Check: S3 generic/method consistency
Result: NOTE
Found the following apparent S3 methods exported but not registered:
FRBhotellingMM.default FRBhotellingMM.formula FRBhotellingS.default
FRBhotellingS.formula FRBmultiregGS.default FRBmultiregGS.formula
FRBmultiregMM.default FRBmultiregMM.formula FRBmultiregS.default
FRBmultiregS.formula FRBpcaMM.default FRBpcaMM.formula
FRBpcaS.default FRBpcaS.formula GSest_multireg.default
GSest_multireg.formula MMest_multireg.default MMest_multireg.formula
Sest_multireg.default Sest_multireg.formula diagplot.FRBhot
diagplot.FRBmultireg diagplot.FRBpca plot.FRBhot plot.FRBmultireg
plot.FRBpca predict.FRBmultireg print.FRBmultireg print.FRBpca
print.summary.FRBhot print.summary.FRBmultireg print.summary.FRBpca
summary.FRBhot summary.FRBmultireg summary.FRBpca vcov.FRBmultireg
See section ‘Registering S3 methods’ in the ‘Writing R Extensions’
manual.
Flavors: r-devel-linux-x86_64-fedora-clang, r-devel-linux-x86_64-fedora-gcc, r-devel-macos-x86_64-clang
Version: 1.8
Flags: --no-stop-on-test-error
Check: R code for possible problems
Result: NOTE
FRBhotellingMM.default: no visible binding for global variable
‘na.omit’
FRBhotellingMM.formula: no visible global function definition for
‘terms’
FRBhotellingMM.formula: no visible global function definition for
‘model.matrix’
FRBhotellingS.default: no visible binding for global variable ‘na.omit’
FRBhotellingS.formula: no visible global function definition for
‘terms’
FRBhotellingS.formula: no visible global function definition for
‘model.matrix’
FRBmultiregGS.default: no visible binding for global variable ‘na.omit’
FRBmultiregGS.formula: no visible global function definition for
‘terms’
FRBmultiregGS.formula: no visible global function definition for
‘model.matrix’
FRBmultiregMM.default: no visible binding for global variable ‘na.omit’
FRBmultiregMM.formula: no visible global function definition for
‘terms’
FRBmultiregMM.formula: no visible global function definition for
‘model.matrix’
FRBmultiregMM.formula: no visible global function definition for
‘.getXlevels’
FRBmultiregS.default: no visible binding for global variable ‘na.omit’
FRBmultiregS.formula: no visible global function definition for ‘terms’
FRBmultiregS.formula: no visible global function definition for
‘model.matrix’
FRBpcaMM.default: no visible binding for global variable ‘na.omit’
FRBpcaMM.default: no visible binding for global variable ‘var’
FRBpcaMM.default: no visible global function definition for ‘qnorm’
FRBpcaMM.default: no visible global function definition for ‘pnorm’
FRBpcaMM.formula: no visible global function definition for ‘terms’
FRBpcaMM.formula: no visible global function definition for
‘model.matrix’
FRBpcaS.default: no visible binding for global variable ‘na.omit’
FRBpcaS.default: no visible binding for global variable ‘var’
FRBpcaS.default: no visible global function definition for ‘qnorm’
FRBpcaS.default: no visible global function definition for ‘pnorm’
FRBpcaS.formula: no visible global function definition for ‘terms’
FRBpcaS.formula: no visible global function definition for
‘model.matrix’
GSboot_multireg : IRLSlocation: no visible global function definition
for ‘mahalanobis’
GSboot_multireg : pvalueCI_BCA : alphafunLow: no visible global
function definition for ‘qnorm’
GSboot_multireg : pvalueCI_BCA : alphafunLow: no visible global
function definition for ‘pnorm’
GSboot_multireg : pvalueCI_BCA : alphafunHigh: no visible global
function definition for ‘qnorm’
GSboot_multireg : pvalueCI_BCA : alphafunHigh: no visible global
function definition for ‘pnorm’
GSboot_multireg : pvalueCI_BCA: no visible global function definition
for ‘qnorm’
GSboot_multireg : pvalueCI_BCA: no visible global function definition
for ‘uniroot’
GSboot_multireg: no visible global function definition for ‘combn’
GSboot_multireg: no visible global function definition for
‘mahalanobis’
GSboot_multireg: no visible binding for global variable ‘var’
GSboot_multireg: no visible global function definition for ‘var’
GSeinfs_multireg: no visible global function definition for ‘combn’
GSeinfs_multireg: no visible global function definition for
‘mahalanobis’
GSest_multireg.default: no visible binding for global variable
‘na.omit’
GSest_multireg.default : resmultiGS: no visible global function
definition for ‘combn’
GSest_multireg.default : resmultiGS: no visible global function
definition for ‘mahalanobis’
GSest_multireg.default : resmultiGS: no visible global function
definition for ‘median’
GSest_multireg.default : resmultiGS: no visible global function
definition for ‘cov.wt’
GSest_multireg.default : scalemultiGS: no visible global function
definition for ‘median’
GSest_multireg.default : erf: no visible global function definition for
‘pnorm’
GSest_multireg.default : TbscGS: no visible global function definition
for ‘qchisq’
GSest_multireg.default : TbsbGSbenader: no visible global function
definition for ‘integrate’
GSest_multireg.default : IRLSlocation: no visible global function
definition for ‘mahalanobis’
GSest_multireg.default: no visible global function definition for
‘combn’
GSest_multireg.default: no visible global function definition for
‘mahalanobis’
GSest_multireg.default: no visible global function definition for
‘median’
GSest_multireg.default: no visible global function definition for
‘qchisq’
GSest_multireg.formula: no visible global function definition for
‘terms’
GSest_multireg.formula: no visible global function definition for
‘model.matrix’
GSest_multireg.formula: no visible global function definition for
‘.getXlevels’
MMboot_loccov: no visible global function definition for ‘mahalanobis’
MMboot_multireg : pvalueCI_BCA : alphafunLow: no visible global
function definition for ‘qnorm’
MMboot_multireg : pvalueCI_BCA : alphafunLow: no visible global
function definition for ‘pnorm’
MMboot_multireg : pvalueCI_BCA : alphafunHigh: no visible global
function definition for ‘qnorm’
MMboot_multireg : pvalueCI_BCA : alphafunHigh: no visible global
function definition for ‘pnorm’
MMboot_multireg : pvalueCI_BCA: no visible global function definition
for ‘qnorm’
MMboot_multireg : pvalueCI_BCA: no visible global function definition
for ‘uniroot’
MMboot_multireg: no visible global function definition for
‘mahalanobis’
MMboot_multireg: no visible binding for global variable ‘var’
MMboot_multireg: no visible global function definition for ‘var’
MMboot_twosample: no visible global function definition for
‘mahalanobis’
MMeinfs_multireg: no visible global function definition for
‘mahalanobis’
MMeinfs_pca: no visible global function definition for ‘mahalanobis’
MMest_multireg.default: no visible binding for global variable
‘na.omit’
MMest_multireg.default : chi.int: no visible global function definition
for ‘pchisq’
MMest_multireg.default: no visible global function definition for
‘mahalanobis’
MMest_multireg.default: no visible global function definition for
‘cov.wt’
MMest_multireg.default: no visible global function definition for
‘qchisq’
MMest_multireg.formula: no visible global function definition for
‘terms’
MMest_multireg.formula: no visible global function definition for
‘model.matrix’
MMest_multireg.formula: no visible global function definition for
‘.getXlevels’
MMest_twosample : chi.int: no visible global function definition for
‘pchisq’
MMest_twosample: no visible global function definition for
‘mahalanobis’
MMest_twosample: no visible global function definition for ‘qchisq’
Sboot_loccov: no visible global function definition for ‘mahalanobis’
Sboot_multireg : pvalueCI_BCA : alphafunLow: no visible global function
definition for ‘qnorm’
Sboot_multireg : pvalueCI_BCA : alphafunLow: no visible global function
definition for ‘pnorm’
Sboot_multireg : pvalueCI_BCA : alphafunHigh: no visible global
function definition for ‘qnorm’
Sboot_multireg : pvalueCI_BCA : alphafunHigh: no visible global
function definition for ‘pnorm’
Sboot_multireg : pvalueCI_BCA: no visible global function definition
for ‘qnorm’
Sboot_multireg : pvalueCI_BCA: no visible global function definition
for ‘uniroot’
Sboot_multireg: no visible global function definition for ‘mahalanobis’
Sboot_multireg: no visible binding for global variable ‘var’
Sboot_multireg: no visible global function definition for ‘var’
Sboot_twosample: no visible global function definition for
‘mahalanobis’
Seinfs_multireg: no visible global function definition for
‘mahalanobis’
Seinfs_pca: no visible global function definition for ‘mahalanobis’
Sest_multireg.default: no visible binding for global variable ‘na.omit’
Sest_multireg.default : IRLSstep: no visible global function definition
for ‘mahalanobis’
Sest_multireg.default : IRLSstep: no visible global function definition
for ‘median’
Sest_multireg.default : IRLSstep: no visible global function definition
for ‘cov.wt’
Sest_multireg.default : scale1: no visible global function definition
for ‘median’
Sest_multireg.default : randomset: no visible global function
definition for ‘runif’
Sest_multireg.default : chi.int: no visible global function definition
for ‘pchisq’
Sest_multireg.default : chi.int.p: no visible global function
definition for ‘dchisq’
Sest_multireg.default : chi.int2: no visible global function definition
for ‘pchisq’
Sest_multireg.default : chi.int2.p: no visible global function
definition for ‘dchisq’
Sest_multireg.default: no visible global function definition for
‘mahalanobis’
Sest_multireg.default: no visible global function definition for
‘qchisq’
Sest_multireg.formula: no visible global function definition for
‘terms’
Sest_multireg.formula: no visible global function definition for
‘model.matrix’
Sest_multireg.formula: no visible global function definition for
‘.getXlevels’
Sest_twosample : chi.int: no visible global function definition for
‘pchisq’
Sest_twosample : chi.int.p: no visible global function definition for
‘dchisq’
Sest_twosample : chi.int2: no visible global function definition for
‘pchisq’
Sest_twosample : chi.int2.p: no visible global function definition for
‘dchisq’
Sest_twosample : scale1: no visible global function definition for
‘median’
Sest_twosample : IRLSstep: no visible global function definition for
‘mahalanobis’
Sest_twosample : IRLSstep: no visible global function definition for
‘median’
Sest_twosample: no visible global function definition for ‘cov’
Sest_twosample: no visible global function definition for ‘mahalanobis’
Sest_twosample: no visible global function definition for ‘qchisq’
diagplot.FRBhot: no visible global function definition for
‘mahalanobis’
diagplot.FRBhot: no visible global function definition for ‘qchisq’
diagplot.FRBhot: no visible global function definition for ‘title’
diagplot.FRBhot: no visible global function definition for ‘abline’
diagplot.FRBhot: no visible global function definition for ‘text’
diagplot.FRBhot: no visible global function definition for ‘axis’
diagplot.FRBmultireg: no visible global function definition for
‘mahalanobis’
diagplot.FRBmultireg: no visible global function definition for ‘title’
diagplot.FRBmultireg: no visible global function definition for
‘abline’
diagplot.FRBmultireg: no visible global function definition for
‘qchisq’
diagplot.FRBmultireg: no visible global function definition for ‘text’
diagplot.FRBpca: no visible global function definition for
‘mahalanobis’
diagplot.FRBpca: no visible global function definition for ‘rnorm’
diagplot.FRBpca: no visible global function definition for ‘cov’
diagplot.FRBpca: no visible global function definition for ‘quantile’
diagplot.FRBpca: no visible global function definition for ‘title’
diagplot.FRBpca: no visible global function definition for ‘abline’
diagplot.FRBpca: no visible global function definition for ‘qchisq’
diagplot.FRBpca: no visible global function definition for ‘text’
plot.FRBhot: no visible global function definition for ‘par’
plot.FRBhot: no visible global function definition for ‘hist’
plot.FRBhot: no visible global function definition for ‘abline’
plot.FRBhot: no visible global function definition for ‘axis’
plot.FRBhot: no visible global function definition for ‘points’
plot.FRBhot: no visible global function definition for ‘lines’
plot.FRBmultireg: no visible global function definition for
‘devAskNewPage’
plot.FRBmultireg: no visible global function definition for ‘par’
plot.FRBmultireg: no visible global function definition for ‘hist’
plot.FRBmultireg: no visible global function definition for ‘abline’
plot.FRBpca: no visible global function definition for ‘devAskNewPage’
plotFRBangles: no visible global function definition for
‘devAskNewPage’
plotFRBangles: no visible global function definition for ‘par’
plotFRBangles: no visible global function definition for ‘hist’
plotFRBangles: no visible global function definition for ‘abline’
plotFRBloadings: no visible global function definition for
‘devAskNewPage’
plotFRBloadings: no visible global function definition for ‘par’
plotFRBloadings: no visible global function definition for ‘axis’
plotFRBloadings: no visible global function definition for ‘lines’
plotFRBloadings: no visible global function definition for ‘grid’
plotFRBloadings: no visible global function definition for ‘points’
plotFRBloadings: no visible global function definition for ‘abline’
plotFRBvars: no visible global function definition for ‘par’
plotFRBvars: no visible global function definition for ‘grid’
plotFRBvars: no visible global function definition for ‘lines’
plotFRBvars: no visible global function definition for ‘abline’
plotFRBvars: no visible global function definition for ‘points’
predict.FRBmultireg: no visible global function definition for
‘predict.mlm’
print.summary.FRBmultireg: no visible binding for global variable
‘quantile’
Undefined global functions or variables:
.getXlevels abline axis combn cov cov.wt dchisq devAskNewPage grid
hist integrate lines mahalanobis median model.matrix na.omit par
pchisq pnorm points predict.mlm qchisq qnorm quantile rnorm runif
terms text title uniroot var
Consider adding
importFrom("grDevices", "devAskNewPage")
importFrom("graphics", "abline", "axis", "grid", "hist", "lines",
"par", "points", "text", "title")
importFrom("stats", ".getXlevels", "cov", "cov.wt", "dchisq",
"integrate", "mahalanobis", "median", "model.matrix",
"na.omit", "pchisq", "pnorm", "qchisq", "qnorm", "quantile",
"rnorm", "runif", "terms", "uniroot", "var")
importFrom("utils", "combn")
to your NAMESPACE file.
Flavors: r-devel-linux-x86_64-fedora-clang, r-devel-linux-x86_64-fedora-gcc, r-devel-macos-x86_64-clang
Version: 1.8
Check: R code for possible problems
Result: NOTE
predict.FRBmultireg: no visible global function definition for
'predict.mlm'
Flavor: r-oldrel-windows-ix86+x86_64