CRAN Package Check Results for Package FacPad

Last updated on 2017-02-24 23:52:25.

Flavor Version Tinstall Tcheck Ttotal Status Flags
r-devel-linux-x86_64-debian-clang 3.0 0.74 19.68 20.41 NOTE
r-devel-linux-x86_64-debian-gcc 3.0 0.90 19.58 20.49 NOTE
r-devel-linux-x86_64-fedora-clang 3.0 35.27 NOTE --no-stop-on-test-error
r-devel-linux-x86_64-fedora-gcc 3.0 33.90 NOTE --no-stop-on-test-error
r-devel-macos-x86_64-clang 3.0 30.21 NOTE --no-stop-on-test-error
r-devel-windows-ix86+x86_64 3.0 11.00 40.00 51.00 NOTE
r-patched-linux-x86_64 3.0 0.77 17.68 18.45 NOTE
r-patched-solaris-sparc 3.0 205.60 NOTE
r-patched-solaris-x86 3.0 41.30 NOTE
r-release-linux-x86_64 3.0 0.81 17.42 18.23 NOTE
r-release-osx-x86_64-mavericks 3.0 NOTE
r-release-windows-ix86+x86_64 3.0 6.00 55.00 61.00 NOTE
r-oldrel-windows-ix86+x86_64 3.0 11.00 81.00 92.00 OK

Check Details

Version: 3.0
Check: R code for possible problems
Result: NOTE
    gibbs2: no visible global function definition for ‘rnorm’
    gibbs_sampling: no visible global function definition for ‘rnorm’
    Undefined global functions or variables:
     rnorm
    Consider adding
     importFrom("stats", "rnorm")
    to your NAMESPACE file.
Flavors: r-devel-linux-x86_64-debian-clang, r-devel-linux-x86_64-debian-gcc, r-devel-windows-ix86+x86_64, r-patched-linux-x86_64, r-patched-solaris-sparc, r-patched-solaris-x86, r-release-linux-x86_64, r-release-osx-x86_64-mavericks, r-release-windows-ix86+x86_64

Version: 3.0
Flags: --no-stop-on-test-error
Check: R code for possible problems
Result: NOTE
    gibbs2: no visible global function definition for ‘rnorm’
    gibbs_sampling: no visible global function definition for ‘rnorm’
    Undefined global functions or variables:
     rnorm
    Consider adding
     importFrom("stats", "rnorm")
    to your NAMESPACE file.
Flavors: r-devel-linux-x86_64-fedora-clang, r-devel-linux-x86_64-fedora-gcc, r-devel-macos-x86_64-clang