Last updated on 2017-02-24 23:52:29.
Flavor | Version | Tinstall | Tcheck | Ttotal | Status | Flags |
---|---|---|---|---|---|---|
r-devel-linux-x86_64-debian-clang | 1.2.2 | 3.74 | 49.17 | 52.91 | OK | |
r-devel-linux-x86_64-debian-gcc | 1.2.2 | 3.39 | 50.48 | 53.87 | OK | |
r-devel-linux-x86_64-fedora-clang | 1.2.2 | 118.90 | OK | --no-stop-on-test-error | ||
r-devel-linux-x86_64-fedora-gcc | 1.2.2 | 122.11 | OK | --no-stop-on-test-error | ||
r-devel-macos-x86_64-clang | 1.2.2 | 92.13 | OK | --no-stop-on-test-error | ||
r-devel-windows-ix86+x86_64 | 1.2.2 | 15.00 | 111.00 | 126.00 | OK | |
r-patched-linux-x86_64 | 1.2.2 | 3.66 | 47.19 | 50.85 | OK | |
r-patched-solaris-sparc | 1.2.2 | 576.10 | OK | |||
r-patched-solaris-x86 | 1.2.2 | 105.80 | OK | |||
r-release-linux-x86_64 | 1.2.2 | 3.64 | 46.25 | 49.89 | OK | |
r-release-osx-x86_64-mavericks | 1.2.2 | OK | ||||
r-release-windows-ix86+x86_64 | 1.2.2 | 14.00 | 114.00 | 128.00 | OK | |
r-oldrel-windows-ix86+x86_64 | 1.2.2 | 5.00 | 4.00 | 9.00 | ERROR |
Version: 1.2.2
Check: package dependencies
Result: ERROR
Package required and available but unsuitable version: 'methods'
See section 'The DESCRIPTION file' in the 'Writing R Extensions'
manual.
Flavor: r-oldrel-windows-ix86+x86_64