CRAN Package Check Results for Package Geneland

Last updated on 2017-02-24 23:52:28.

Flavor Version Tinstall Tcheck Ttotal Status Flags
r-devel-linux-x86_64-debian-clang 4.0.6 13.04 45.38 58.42 WARN
r-devel-linux-x86_64-debian-gcc 4.0.6 14.17 47.61 61.78 WARN
r-devel-linux-x86_64-fedora-clang 4.0.6 99.02 WARN --no-stop-on-test-error
r-devel-linux-x86_64-fedora-gcc 4.0.6 98.45 WARN --no-stop-on-test-error
r-devel-macos-x86_64-clang 4.0.6 84.72 WARN --no-stop-on-test-error
r-devel-windows-ix86+x86_64 4.0.6 86.00 120.00 206.00 WARN
r-patched-linux-x86_64 4.0.6 13.10 46.30 59.40 OK
r-patched-solaris-sparc 4.0.6 17.30 ERROR
r-patched-solaris-x86 4.0.6 3.40 ERROR
r-release-linux-x86_64 4.0.6 13.08 45.49 58.57 OK
r-release-osx-x86_64-mavericks 4.0.6 OK
r-release-windows-ix86+x86_64 4.0.6 51.00 85.00 136.00 OK
r-oldrel-windows-ix86+x86_64 4.0.6 54.00 126.00 180.00 OK

Check Details

Version: 4.0.6
Check: compiled code
Result: NOTE
    File ‘Geneland/libs/Geneland.so’:
     Found no calls to: ‘R_registerRoutines’, ‘R_useDynamicSymbols’
    
    It is good practice to register native routines and to disable symbol
    search.
    
    See ‘Writing portable packages’ in the ‘Writing R Extensions’ manual.
Flavors: r-devel-linux-x86_64-debian-clang, r-devel-linux-x86_64-debian-gcc

Version: 4.0.6
Check: files in ‘vignettes’
Result: WARN
    Files in the 'vignettes' directory but no files in 'inst/doc':
     ‘Geneland-Doc.pdf’, ‘Geneland-Doc.tex’, ‘dag-final.pdf’, ‘dag3.pdf’,
     ‘fig/MCMC.jpg’, ‘fig/MyMap_zoom10.jpeg’, ‘fig/MyMap_zoom7.jpeg’,
     ‘fig/choosefiles.jpg’, ‘fig/choosesep.jpg’, ‘fig/dag-final.pdf_t’,
     ‘fig/dag3.pdf_t’, ‘fig/example_spatial2_bis.jpeg’,
     ‘fig/example_spatial3_bis.jpeg’, ‘fig/example_spatial3_ter.jpeg’,
     ‘fig/example_spatial_bis.jpeg’, ‘fig/exp_q_quart.jpeg’,
     ‘fig/initial.jpg’, ‘fig/map.jpeg’, ‘fig/multip_run.jpg’,
     ‘fig/multip_run2.jpg’, ‘fig/npop.jpeg’, ‘fig/output.jpg’,
     ‘fig/parallel.jpg’, ‘fig/postproc.jpg’, ‘fig/power.jpeg’,
     ‘fig/vor1.jpeg’, ‘fig/vor2.jpeg’, ‘fig/wdl1.jpeg’
    Package has no Sweave vignette sources and no VignetteBuilder field.
Flavors: r-devel-linux-x86_64-debian-clang, r-devel-linux-x86_64-debian-gcc, r-devel-windows-ix86+x86_64

Version: 4.0.6
Flags: --no-stop-on-test-error
Check: compiled code
Result: NOTE
    File ‘Geneland/libs/Geneland.so’:
     Found no calls to: ‘R_registerRoutines’, ‘R_useDynamicSymbols’
    
    It is good practice to register native routines and to disable symbol
    search.
    
    See ‘Writing portable packages’ in the ‘Writing R Extensions’ manual.
Flavors: r-devel-linux-x86_64-fedora-clang, r-devel-linux-x86_64-fedora-gcc, r-devel-macos-x86_64-clang

Version: 4.0.6
Flags: --no-stop-on-test-error
Check: files in ‘vignettes’
Result: WARN
    Files in the 'vignettes' directory but no files in 'inst/doc':
     ‘Geneland-Doc.pdf’, ‘Geneland-Doc.tex’, ‘dag-final.pdf’, ‘dag3.pdf’,
     ‘fig/MCMC.jpg’, ‘fig/MyMap_zoom10.jpeg’, ‘fig/MyMap_zoom7.jpeg’,
     ‘fig/choosefiles.jpg’, ‘fig/choosesep.jpg’, ‘fig/dag-final.pdf_t’,
     ‘fig/dag3.pdf_t’, ‘fig/example_spatial2_bis.jpeg’,
     ‘fig/example_spatial3_bis.jpeg’, ‘fig/example_spatial3_ter.jpeg’,
     ‘fig/example_spatial_bis.jpeg’, ‘fig/exp_q_quart.jpeg’,
     ‘fig/initial.jpg’, ‘fig/map.jpeg’, ‘fig/multip_run.jpg’,
     ‘fig/multip_run2.jpg’, ‘fig/npop.jpeg’, ‘fig/output.jpg’,
     ‘fig/parallel.jpg’, ‘fig/postproc.jpg’, ‘fig/power.jpeg’,
     ‘fig/vor1.jpeg’, ‘fig/vor2.jpeg’, ‘fig/wdl1.jpeg’
    Package has no Sweave vignette sources and no VignetteBuilder field.
Flavors: r-devel-linux-x86_64-fedora-clang, r-devel-linux-x86_64-fedora-gcc, r-devel-macos-x86_64-clang

Version: 4.0.6
Check: package dependencies
Result: ERROR
    Package required but not available: ‘RandomFields’
    
    See section ‘The DESCRIPTION file’ in the ‘Writing R Extensions’
    manual.
Flavors: r-patched-solaris-sparc, r-patched-solaris-x86