CRAN Package Check Results for Package HPbayes

Last updated on 2017-02-24 23:52:31.

Flavor Version Tinstall Tcheck Ttotal Status Flags
r-devel-linux-x86_64-debian-clang 0.1 0.90 26.50 27.40 NOTE
r-devel-linux-x86_64-debian-gcc 0.1 0.88 25.70 26.58 NOTE
r-devel-linux-x86_64-fedora-clang 0.1 49.81 NOTE --no-stop-on-test-error
r-devel-linux-x86_64-fedora-gcc 0.1 50.36 NOTE --no-stop-on-test-error
r-devel-macos-x86_64-clang 0.1 38.03 NOTE --no-stop-on-test-error
r-devel-windows-ix86+x86_64 0.1 11.00 45.00 56.00 NOTE
r-patched-linux-x86_64 0.1 0.80 23.04 23.84 NOTE
r-patched-solaris-sparc 0.1 277.50 NOTE
r-patched-solaris-x86 0.1 55.60 NOTE
r-release-linux-x86_64 0.1 0.92 22.91 23.83 NOTE
r-release-osx-x86_64-mavericks 0.1 NOTE
r-release-windows-ix86+x86_64 0.1 7.00 64.00 71.00 NOTE
r-oldrel-windows-ix86+x86_64 0.1 11.00 93.00 104.00 NOTE

Check Details

Version: 0.1
Check: DESCRIPTION meta-information
Result: NOTE
    Malformed Description field: should contain one or more complete sentences.
Flavors: r-devel-linux-x86_64-debian-clang, r-devel-linux-x86_64-debian-gcc, r-devel-windows-ix86+x86_64, r-patched-linux-x86_64, r-patched-solaris-sparc, r-patched-solaris-x86, r-release-linux-x86_64, r-release-osx-x86_64-mavericks, r-release-windows-ix86+x86_64, r-oldrel-windows-ix86+x86_64

Version: 0.1
Check: R code for possible problems
Result: NOTE
    hpbayes.plot: no visible global function definition for ‘par’
    hpbayes.plot: no visible global function definition for ‘plot’
    hpbayes.plot: no visible global function definition for ‘points’
    postpri.plot: no visible global function definition for ‘par’
    postpri.plot: no visible global function definition for ‘plot’
    postpri.plot: no visible global function definition for ‘points’
    postpri.plot: no visible global function definition for ‘segments’
    postpri.plot: no visible global function definition for ‘boxplot’
    Undefined global functions or variables:
     boxplot par plot points segments
    Consider adding
     importFrom("graphics", "boxplot", "par", "plot", "points", "segments")
    to your NAMESPACE file.
Flavors: r-devel-linux-x86_64-debian-clang, r-devel-linux-x86_64-debian-gcc, r-devel-windows-ix86+x86_64, r-patched-linux-x86_64, r-patched-solaris-sparc, r-patched-solaris-x86, r-release-linux-x86_64, r-release-osx-x86_64-mavericks, r-release-windows-ix86+x86_64

Version: 0.1
Flags: --no-stop-on-test-error
Check: DESCRIPTION meta-information
Result: NOTE
    Malformed Description field: should contain one or more complete sentences.
Flavors: r-devel-linux-x86_64-fedora-clang, r-devel-linux-x86_64-fedora-gcc, r-devel-macos-x86_64-clang

Version: 0.1
Flags: --no-stop-on-test-error
Check: R code for possible problems
Result: NOTE
    hpbayes.plot: no visible global function definition for ‘par’
    hpbayes.plot: no visible global function definition for ‘plot’
    hpbayes.plot: no visible global function definition for ‘points’
    postpri.plot: no visible global function definition for ‘par’
    postpri.plot: no visible global function definition for ‘plot’
    postpri.plot: no visible global function definition for ‘points’
    postpri.plot: no visible global function definition for ‘segments’
    postpri.plot: no visible global function definition for ‘boxplot’
    Undefined global functions or variables:
     boxplot par plot points segments
    Consider adding
     importFrom("graphics", "boxplot", "par", "plot", "points", "segments")
    to your NAMESPACE file.
Flavors: r-devel-linux-x86_64-fedora-clang, r-devel-linux-x86_64-fedora-gcc, r-devel-macos-x86_64-clang