Last updated on 2017-02-24 23:52:31.
Flavor | Version | Tinstall | Tcheck | Ttotal | Status | Flags |
---|---|---|---|---|---|---|
r-devel-linux-x86_64-debian-clang | 1.1.0 | 1.89 | 12.84 | 14.73 | NOTE | |
r-devel-linux-x86_64-debian-gcc | 1.1.0 | 1.70 | 12.59 | 14.29 | NOTE | |
r-devel-linux-x86_64-fedora-clang | 1.1.0 | 24.50 | NOTE | --no-stop-on-test-error | ||
r-devel-linux-x86_64-fedora-gcc | 1.1.0 | 25.93 | NOTE | --no-stop-on-test-error | ||
r-devel-macos-x86_64-clang | 1.1.0 | 21.67 | NOTE | --no-stop-on-test-error | ||
r-devel-windows-ix86+x86_64 | 1.1.0 | 10.00 | 41.00 | 51.00 | OK | |
r-patched-linux-x86_64 | 1.1.0 | 1.67 | 11.23 | 12.91 | OK | |
r-patched-solaris-sparc | 1.1.0 | 136.50 | OK | |||
r-patched-solaris-x86 | 1.1.0 | 32.70 | OK | |||
r-release-linux-x86_64 | 1.1.0 | 1.60 | 10.69 | 12.28 | OK | |
r-release-osx-x86_64-mavericks | 1.1.0 | OK | ||||
r-release-windows-ix86+x86_64 | 1.1.0 | 11.00 | 43.00 | 54.00 | OK | |
r-oldrel-windows-ix86+x86_64 | 1.1.0 | 12.00 | 28.00 | 40.00 | OK |
Version: 1.1.0
Check: compiled code
Result: NOTE
File ‘HotDeckImputation/libs/HotDeckImputation.so’:
Found no calls to: ‘R_registerRoutines’, ‘R_useDynamicSymbols’
It is good practice to register native routines and to disable symbol
search.
See ‘Writing portable packages’ in the ‘Writing R Extensions’ manual.
Flavors: r-devel-linux-x86_64-debian-clang, r-devel-linux-x86_64-debian-gcc
Version: 1.1.0
Flags: --no-stop-on-test-error
Check: compiled code
Result: NOTE
File ‘HotDeckImputation/libs/HotDeckImputation.so’:
Found no calls to: ‘R_registerRoutines’, ‘R_useDynamicSymbols’
It is good practice to register native routines and to disable symbol
search.
See ‘Writing portable packages’ in the ‘Writing R Extensions’ manual.
Flavors: r-devel-linux-x86_64-fedora-clang, r-devel-linux-x86_64-fedora-gcc, r-devel-macos-x86_64-clang