Last updated on 2017-02-24 23:52:32.
Flavor | Version | Tinstall | Tcheck | Ttotal | Status | Flags |
---|---|---|---|---|---|---|
r-devel-linux-x86_64-debian-clang | 1.1.17 | 1.75 | 43.77 | 45.52 | NOTE | |
r-devel-linux-x86_64-debian-gcc | 1.1.17 | 1.77 | 44.57 | 46.34 | NOTE | |
r-devel-linux-x86_64-fedora-clang | 1.1.17 | 80.65 | NOTE | --no-stop-on-test-error | ||
r-devel-linux-x86_64-fedora-gcc | 1.1.17 | 79.44 | NOTE | --no-stop-on-test-error | ||
r-devel-macos-x86_64-clang | 1.1.17 | 65.94 | NOTE | --no-stop-on-test-error | ||
r-devel-windows-ix86+x86_64 | 1.1.17 | 18.00 | 143.00 | 161.00 | NOTE | |
r-patched-linux-x86_64 | 1.1.17 | 1.42 | 42.75 | 44.18 | NOTE | |
r-patched-solaris-sparc | 1.1.17 | 525.70 | NOTE | |||
r-patched-solaris-x86 | 1.1.17 | 91.80 | NOTE | |||
r-release-linux-x86_64 | 1.1.17 | 1.49 | 39.18 | 40.67 | NOTE | |
r-release-osx-x86_64-mavericks | 1.1.17 | NOTE | ||||
r-release-windows-ix86+x86_64 | 1.1.17 | 11.00 | 131.00 | 142.00 | NOTE | |
r-oldrel-windows-ix86+x86_64 | 1.1.17 | 19.00 | 123.00 | 142.00 | NOTE |
Version: 1.1.17
Check: dependencies in R code
Result: NOTE
Package in Depends field not imported from: ‘methods’
These packages need to be imported from (in the NAMESPACE file)
for when this namespace is loaded but not attached.
Flavors: r-devel-linux-x86_64-debian-clang, r-devel-linux-x86_64-debian-gcc, r-devel-windows-ix86+x86_64, r-patched-linux-x86_64, r-patched-solaris-sparc, r-patched-solaris-x86, r-release-linux-x86_64, r-release-osx-x86_64-mavericks, r-release-windows-ix86+x86_64, r-oldrel-windows-ix86+x86_64
Version: 1.1.17
Check: R code for possible problems
Result: NOTE
IDPcolorRamp: no visible global function definition for ‘hsv’
NaRV.omit: no visible global function definition for ‘na.omit’
col2hsv: no visible global function definition for ‘rgb2hsv’
col2hsv: no visible global function definition for ‘col2rgb’
ilagplot: no visible global function definition for ‘is.ts’
ilagplot: no visible global function definition for ‘n2mfrow’
ipairs : <anonymous>: no visible global function definition for ‘is’
itermplot: no visible global function definition for ‘formula’
itermplot: no visible global function definition for ‘predict’
itermplot: no visible global function definition for ‘model.frame’
itermplot: no visible global function definition for ‘residuals’
itermplot: no visible global function definition for ‘naresid’
longtsPlot: no visible global function definition for ‘start’
longtsPlot: no visible global function definition for ‘is.ts’
longtsPlot: no visible global function definition for ‘ts’
longtsPlot: no visible global function definition for ‘frequency’
longtsPlot: no visible global function definition for ‘end’
longtsPlot: no visible binding for global variable ‘postscript’
longtsPlot: no visible global function definition for ‘dev.print’
plot.page: no visible global function definition for ‘start’
plot.page: no visible global function definition for ‘frequency’
plot.page: no visible global function definition for ‘end’
plot.page: no visible global function definition for ‘window’
rfbaseline : <anonymous>: no visible global function definition for
‘median’
rfbaseline: no visible global function definition for ‘approx’
rfbaselineScale: no visible global function definition for ‘density’
rfbaselineScale: no visible global function definition for ‘mad’
rfbaselineScale: no visible global function definition for ‘sd’
rose: no visible global function definition for ‘aggregate’
rose: no visible global function definition for ‘new’
Undefined global functions or variables:
aggregate approx col2rgb density dev.print end formula frequency hsv
is is.ts mad median model.frame n2mfrow na.omit naresid new
postscript predict residuals rgb2hsv sd start ts window
Consider adding
importFrom("grDevices", "col2rgb", "dev.print", "hsv", "n2mfrow",
"postscript", "rgb2hsv")
importFrom("methods", "is", "new")
importFrom("stats", "aggregate", "approx", "density", "end", "formula",
"frequency", "is.ts", "mad", "median", "model.frame",
"na.omit", "naresid", "predict", "residuals", "sd", "start",
"ts", "window")
to your NAMESPACE file (and ensure that your DESCRIPTION Imports field
contains 'methods').
Flavors: r-devel-linux-x86_64-debian-clang, r-devel-linux-x86_64-debian-gcc, r-patched-linux-x86_64, r-patched-solaris-sparc, r-patched-solaris-x86, r-release-linux-x86_64, r-release-osx-x86_64-mavericks
Version: 1.1.17
Check: compiled code
Result: NOTE
File ‘IDPmisc/libs/IDPmisc.so’:
Found no calls to: ‘R_registerRoutines’, ‘R_useDynamicSymbols’
It is good practice to register native routines and to disable symbol
search.
See ‘Writing portable packages’ in the ‘Writing R Extensions’ manual.
Flavors: r-devel-linux-x86_64-debian-clang, r-devel-linux-x86_64-debian-gcc
Version: 1.1.17
Flags: --no-stop-on-test-error
Check: dependencies in R code
Result: NOTE
Package in Depends field not imported from: ‘methods’
These packages need to be imported from (in the NAMESPACE file)
for when this namespace is loaded but not attached.
Flavors: r-devel-linux-x86_64-fedora-clang, r-devel-linux-x86_64-fedora-gcc, r-devel-macos-x86_64-clang
Version: 1.1.17
Flags: --no-stop-on-test-error
Check: R code for possible problems
Result: NOTE
IDPcolorRamp: no visible global function definition for ‘hsv’
NaRV.omit: no visible global function definition for ‘na.omit’
col2hsv: no visible global function definition for ‘rgb2hsv’
col2hsv: no visible global function definition for ‘col2rgb’
ilagplot: no visible global function definition for ‘is.ts’
ilagplot: no visible global function definition for ‘n2mfrow’
ipairs : <anonymous>: no visible global function definition for ‘is’
itermplot: no visible global function definition for ‘formula’
itermplot: no visible global function definition for ‘predict’
itermplot: no visible global function definition for ‘model.frame’
itermplot: no visible global function definition for ‘residuals’
itermplot: no visible global function definition for ‘naresid’
longtsPlot: no visible global function definition for ‘start’
longtsPlot: no visible global function definition for ‘is.ts’
longtsPlot: no visible global function definition for ‘ts’
longtsPlot: no visible global function definition for ‘frequency’
longtsPlot: no visible global function definition for ‘end’
longtsPlot: no visible binding for global variable ‘postscript’
longtsPlot: no visible global function definition for ‘dev.print’
plot.page: no visible global function definition for ‘start’
plot.page: no visible global function definition for ‘frequency’
plot.page: no visible global function definition for ‘end’
plot.page: no visible global function definition for ‘window’
rfbaseline : <anonymous>: no visible global function definition for
‘median’
rfbaseline: no visible global function definition for ‘approx’
rfbaselineScale: no visible global function definition for ‘density’
rfbaselineScale: no visible global function definition for ‘mad’
rfbaselineScale: no visible global function definition for ‘sd’
rose: no visible global function definition for ‘aggregate’
rose: no visible global function definition for ‘new’
Undefined global functions or variables:
aggregate approx col2rgb density dev.print end formula frequency hsv
is is.ts mad median model.frame n2mfrow na.omit naresid new
postscript predict residuals rgb2hsv sd start ts window
Consider adding
importFrom("grDevices", "col2rgb", "dev.print", "hsv", "n2mfrow",
"postscript", "rgb2hsv")
importFrom("methods", "is", "new")
importFrom("stats", "aggregate", "approx", "density", "end", "formula",
"frequency", "is.ts", "mad", "median", "model.frame",
"na.omit", "naresid", "predict", "residuals", "sd", "start",
"ts", "window")
to your NAMESPACE file (and ensure that your DESCRIPTION Imports field
contains 'methods').
Flavors: r-devel-linux-x86_64-fedora-clang, r-devel-linux-x86_64-fedora-gcc, r-devel-macos-x86_64-clang
Version: 1.1.17
Flags: --no-stop-on-test-error
Check: compiled code
Result: NOTE
File ‘IDPmisc/libs/IDPmisc.so’:
Found no calls to: ‘R_registerRoutines’, ‘R_useDynamicSymbols’
It is good practice to register native routines and to disable symbol
search.
See ‘Writing portable packages’ in the ‘Writing R Extensions’ manual.
Flavors: r-devel-linux-x86_64-fedora-clang, r-devel-linux-x86_64-fedora-gcc, r-devel-macos-x86_64-clang
Version: 1.1.17
Check: R code for possible problems
Result: NOTE
IDPcolorRamp: no visible global function definition for 'hsv'
NaRV.omit: no visible global function definition for 'na.omit'
col2hsv: no visible global function definition for 'rgb2hsv'
col2hsv: no visible global function definition for 'col2rgb'
ilagplot: no visible global function definition for 'is.ts'
ilagplot: no visible global function definition for 'n2mfrow'
ipairs : <anonymous>: no visible global function definition for 'is'
itermplot: no visible global function definition for 'formula'
itermplot: no visible global function definition for 'predict'
itermplot: no visible global function definition for 'model.frame'
itermplot: no visible global function definition for 'residuals'
itermplot: no visible global function definition for 'naresid'
longtsPlot: no visible global function definition for 'start'
longtsPlot: no visible global function definition for 'is.ts'
longtsPlot: no visible global function definition for 'ts'
longtsPlot: no visible global function definition for 'frequency'
longtsPlot: no visible global function definition for 'end'
longtsPlot: no visible binding for global variable 'postscript'
longtsPlot: no visible global function definition for 'savePlot'
longtsPlot: no visible global function definition for 'dev.print'
plot.page: no visible global function definition for 'start'
plot.page: no visible global function definition for 'frequency'
plot.page: no visible global function definition for 'end'
plot.page: no visible global function definition for 'window'
rfbaseline : <anonymous>: no visible global function definition for
'median'
rfbaseline: no visible global function definition for 'approx'
rfbaselineScale: no visible global function definition for 'density'
rfbaselineScale: no visible global function definition for 'mad'
rfbaselineScale: no visible global function definition for 'sd'
rose: no visible global function definition for 'aggregate'
rose: no visible global function definition for 'new'
Undefined global functions or variables:
aggregate approx col2rgb density dev.print end formula frequency hsv
is is.ts mad median model.frame n2mfrow na.omit naresid new
postscript predict residuals rgb2hsv savePlot sd start ts window
Consider adding
importFrom("grDevices", "col2rgb", "dev.print", "hsv", "n2mfrow",
"postscript", "rgb2hsv", "savePlot")
importFrom("methods", "is", "new")
importFrom("stats", "aggregate", "approx", "density", "end", "formula",
"frequency", "is.ts", "mad", "median", "model.frame",
"na.omit", "naresid", "predict", "residuals", "sd", "start",
"ts", "window")
to your NAMESPACE file (and ensure that your DESCRIPTION Imports field
contains 'methods').
Flavors: r-devel-windows-ix86+x86_64, r-release-windows-ix86+x86_64