CRAN Package Check Results for Package KATforDCEMRI

Last updated on 2017-02-24 23:52:33.

Flavor Version Tinstall Tcheck Ttotal Status Flags
r-devel-linux-x86_64-debian-clang 0.740 1.69 46.05 47.74 NOTE
r-devel-linux-x86_64-debian-gcc 0.740 1.74 47.08 48.82 NOTE
r-devel-linux-x86_64-fedora-clang 0.740 90.36 NOTE --no-stop-on-test-error
r-devel-linux-x86_64-fedora-gcc 0.740 93.76 NOTE --no-stop-on-test-error
r-devel-macos-x86_64-clang 0.740 69.34 NOTE --no-stop-on-test-error
r-devel-windows-ix86+x86_64 0.740 13.00 79.00 92.00 NOTE
r-patched-linux-x86_64 0.740 1.34 42.06 43.41 NOTE
r-patched-solaris-sparc 0.740 569.80 NOTE
r-patched-solaris-x86 0.740 108.70 NOTE
r-release-linux-x86_64 0.740 1.39 41.01 42.40 NOTE
r-release-osx-x86_64-mavericks 0.740 NOTE
r-release-windows-ix86+x86_64 0.740 6.00 104.00 110.00 NOTE
r-oldrel-windows-ix86+x86_64 0.740 10.00 133.00 143.00 NOTE

Check Details

Version: 0.740
Check: DESCRIPTION meta-information
Result: NOTE
    Malformed Title field: should not end in a period.
Flavors: r-devel-linux-x86_64-debian-clang, r-devel-linux-x86_64-debian-gcc, r-devel-windows-ix86+x86_64, r-patched-linux-x86_64, r-patched-solaris-sparc, r-patched-solaris-x86, r-release-linux-x86_64, r-release-osx-x86_64-mavericks, r-release-windows-ix86+x86_64, r-oldrel-windows-ix86+x86_64

Version: 0.740
Check: R code for possible problems
Result: NOTE
    KAT : aif.shift.func: no visible global function definition for
     ‘approxfun’
    KAT : roi.modelT: no visible global function definition for ‘tail’
    KAT : roi.modelT: no visible global function definition for ‘head’
    KAT : roi.modelxT: no visible global function definition for ‘tail’
    KAT : roi.modelxT: no visible global function definition for ‘head’
    KAT : calch: no visible global function definition for ‘preplot’
    KAT : calchFUNC: no visible global function definition for ‘preplot’
    KAT: no visible global function definition for ‘median’
    KAT: no visible global function definition for ‘write.table’
    KAT: no visible global function definition for ‘optim’
    KAT: no visible global function definition for ‘dev.new’
    KAT: no visible global function definition for ‘plot’
    KAT: no visible global function definition for ‘lines’
    KAT: no visible global function definition for ‘text’
    KAT: no visible global function definition for ‘quantile’
    KAT: no visible global function definition for ‘graphics.off’
    KAT: no visible global function definition for ‘image’
    KAT: no visible global function definition for ‘palette’
    KAT: no visible global function definition for ‘colorRampPalette’
    KAT: no visible global function definition for ‘dev.set’
    KAT: no visible global function definition for ‘locator’
    KAT: no visible global function definition for ‘dev.off’
    KAT: no visible global function definition for ‘pdf’
    KAT: no visible global function definition for ‘layout’
    KAT: no visible global function definition for ‘par’
    KAT: no visible global function definition for ‘abline’
    KAT: no visible global function definition for ‘points’
    KAT.plot: no visible global function definition for ‘pdf’
    KAT.plot: no visible global function definition for ‘layout’
    KAT.plot: no visible global function definition for ‘par’
    KAT.plot: no visible global function definition for ‘image’
    KAT.plot: no visible global function definition for ‘palette’
    KAT.plot: no visible global function definition for ‘colorRampPalette’
    KAT.plot: no visible global function definition for ‘median’
    KAT.plot: no visible global function definition for ‘frame’
    KAT.plot: no visible global function definition for ‘plot’
    KAT.plot: no visible global function definition for ‘lines’
    KAT.plot: no visible global function definition for ‘text’
    KAT.plot: no visible global function definition for ‘dev.off’
    Undefined global functions or variables:
     abline approxfun colorRampPalette dev.new dev.off dev.set frame
     graphics.off head image layout lines locator median optim palette par
     pdf plot points preplot quantile tail text write.table
    Consider adding
     importFrom("grDevices", "colorRampPalette", "dev.new", "dev.off",
     "dev.set", "graphics.off", "palette", "pdf")
     importFrom("graphics", "abline", "frame", "image", "layout", "lines",
     "locator", "par", "plot", "points", "text")
     importFrom("stats", "approxfun", "median", "optim", "preplot",
     "quantile")
     importFrom("utils", "head", "tail", "write.table")
    to your NAMESPACE file.
Flavors: r-devel-linux-x86_64-debian-clang, r-devel-linux-x86_64-debian-gcc, r-devel-windows-ix86+x86_64, r-patched-linux-x86_64, r-patched-solaris-sparc, r-patched-solaris-x86, r-release-linux-x86_64, r-release-osx-x86_64-mavericks, r-release-windows-ix86+x86_64

Version: 0.740
Flags: --no-stop-on-test-error
Check: DESCRIPTION meta-information
Result: NOTE
    Malformed Title field: should not end in a period.
Flavors: r-devel-linux-x86_64-fedora-clang, r-devel-linux-x86_64-fedora-gcc, r-devel-macos-x86_64-clang

Version: 0.740
Flags: --no-stop-on-test-error
Check: R code for possible problems
Result: NOTE
    KAT : aif.shift.func: no visible global function definition for
     ‘approxfun’
    KAT : roi.modelT: no visible global function definition for ‘tail’
    KAT : roi.modelT: no visible global function definition for ‘head’
    KAT : roi.modelxT: no visible global function definition for ‘tail’
    KAT : roi.modelxT: no visible global function definition for ‘head’
    KAT : calch: no visible global function definition for ‘preplot’
    KAT : calchFUNC: no visible global function definition for ‘preplot’
    KAT: no visible global function definition for ‘median’
    KAT: no visible global function definition for ‘write.table’
    KAT: no visible global function definition for ‘optim’
    KAT: no visible global function definition for ‘dev.new’
    KAT: no visible global function definition for ‘plot’
    KAT: no visible global function definition for ‘lines’
    KAT: no visible global function definition for ‘text’
    KAT: no visible global function definition for ‘quantile’
    KAT: no visible global function definition for ‘graphics.off’
    KAT: no visible global function definition for ‘image’
    KAT: no visible global function definition for ‘palette’
    KAT: no visible global function definition for ‘colorRampPalette’
    KAT: no visible global function definition for ‘dev.set’
    KAT: no visible global function definition for ‘locator’
    KAT: no visible global function definition for ‘dev.off’
    KAT: no visible global function definition for ‘pdf’
    KAT: no visible global function definition for ‘layout’
    KAT: no visible global function definition for ‘par’
    KAT: no visible global function definition for ‘abline’
    KAT: no visible global function definition for ‘points’
    KAT.plot: no visible global function definition for ‘pdf’
    KAT.plot: no visible global function definition for ‘layout’
    KAT.plot: no visible global function definition for ‘par’
    KAT.plot: no visible global function definition for ‘image’
    KAT.plot: no visible global function definition for ‘palette’
    KAT.plot: no visible global function definition for ‘colorRampPalette’
    KAT.plot: no visible global function definition for ‘median’
    KAT.plot: no visible global function definition for ‘frame’
    KAT.plot: no visible global function definition for ‘plot’
    KAT.plot: no visible global function definition for ‘lines’
    KAT.plot: no visible global function definition for ‘text’
    KAT.plot: no visible global function definition for ‘dev.off’
    Undefined global functions or variables:
     abline approxfun colorRampPalette dev.new dev.off dev.set frame
     graphics.off head image layout lines locator median optim palette par
     pdf plot points preplot quantile tail text write.table
    Consider adding
     importFrom("grDevices", "colorRampPalette", "dev.new", "dev.off",
     "dev.set", "graphics.off", "palette", "pdf")
     importFrom("graphics", "abline", "frame", "image", "layout", "lines",
     "locator", "par", "plot", "points", "text")
     importFrom("stats", "approxfun", "median", "optim", "preplot",
     "quantile")
     importFrom("utils", "head", "tail", "write.table")
    to your NAMESPACE file.
Flavors: r-devel-linux-x86_64-fedora-clang, r-devel-linux-x86_64-fedora-gcc, r-devel-macos-x86_64-clang