CRAN Package Check Results for Package LatentREGpp

Last updated on 2017-02-24 23:52:34.

Flavor Version Tinstall Tcheck Ttotal Status Flags
r-devel-linux-x86_64-debian-clang 0.2.2 128.74 68.71 197.45 NOTE
r-devel-linux-x86_64-debian-gcc 0.2.2 134.22 69.20 203.43 NOTE
r-devel-linux-x86_64-fedora-clang 0.2.2 413.14 NOTE --no-stop-on-test-error
r-devel-linux-x86_64-fedora-gcc 0.2.2 423.31 NOTE --no-stop-on-test-error
r-devel-macos-x86_64-clang 0.2.2 278.27 NOTE --no-stop-on-test-error
r-devel-windows-ix86+x86_64 0.2.2 560.00 220.00 780.00 NOTE
r-patched-linux-x86_64 0.2.2 109.34 70.49 179.83 OK
r-patched-solaris-sparc 0.2.2 111.60 ERROR
r-patched-solaris-x86 0.2.2 21.30 ERROR
r-release-linux-x86_64 0.2.2 109.36 67.02 176.38 OK
r-release-osx-x86_64-mavericks 0.2.2 NOTE
r-release-windows-ix86+x86_64 0.2.2 594.00 163.00 757.00 NOTE
r-oldrel-windows-ix86+x86_64 0.2.2 445.00 231.00 676.00 NOTE

Check Details

Version: 0.2.2
Check: compiled code
Result: NOTE
    File ‘LatentREGpp/libs/LatentREGpp.so’:
     Found no calls to: ‘R_registerRoutines’, ‘R_useDynamicSymbols’
    
    It is good practice to register native routines and to disable symbol
    search.
    
    See ‘Writing portable packages’ in the ‘Writing R Extensions’ manual.
Flavors: r-devel-linux-x86_64-debian-clang, r-devel-linux-x86_64-debian-gcc

Version: 0.2.2
Flags: --no-stop-on-test-error
Check: installed package size
Result: NOTE
     installed size is 23.3Mb
     sub-directories of 1Mb or more:
     dataset 1.5Mb
     include 16.0Mb
     libs 5.7Mb
Flavors: r-devel-linux-x86_64-fedora-clang, r-devel-linux-x86_64-fedora-gcc, r-devel-macos-x86_64-clang

Version: 0.2.2
Flags: --no-stop-on-test-error
Check: compiled code
Result: NOTE
    File ‘LatentREGpp/libs/LatentREGpp.so’:
     Found no calls to: ‘R_registerRoutines’, ‘R_useDynamicSymbols’
    
    It is good practice to register native routines and to disable symbol
    search.
    
    See ‘Writing portable packages’ in the ‘Writing R Extensions’ manual.
Flavors: r-devel-linux-x86_64-fedora-clang, r-devel-linux-x86_64-fedora-gcc, r-devel-macos-x86_64-clang

Version: 0.2.2
Check: installed package size
Result: NOTE
     installed size is 7.5Mb
     sub-directories of 1Mb or more:
     dataset 1.4Mb
     include 3.9Mb
     libs 2.0Mb
Flavors: r-devel-windows-ix86+x86_64, r-release-osx-x86_64-mavericks, r-release-windows-ix86+x86_64, r-oldrel-windows-ix86+x86_64

Version: 0.2.2
Check: whether package can be installed
Result: ERROR
    Installation failed.
Flavors: r-patched-solaris-sparc, r-patched-solaris-x86