CRAN Package Check Results for Package MAINT.Data

Last updated on 2017-02-24 23:52:36.

Flavor Version Tinstall Tcheck Ttotal Status Flags
r-devel-linux-x86_64-debian-clang 1.0.1 60.34 44.39 104.72 NOTE
r-devel-linux-x86_64-debian-gcc 1.0.1 60.30 44.23 104.53 NOTE
r-devel-linux-x86_64-fedora-clang 1.0.1 217.83 NOTE --no-stop-on-test-error
r-devel-linux-x86_64-fedora-gcc 1.0.1 204.21 NOTE --no-stop-on-test-error
r-devel-macos-x86_64-clang 1.0.1 149.13 NOTE --no-stop-on-test-error
r-devel-windows-ix86+x86_64 1.0.1 300.00 128.00 428.00 OK
r-patched-linux-x86_64 1.0.1 50.48 45.00 95.48 OK
r-patched-solaris-sparc 1.0.1 893.30 OK
r-patched-solaris-x86 1.0.1 188.80 OK
r-release-linux-x86_64 1.0.1 49.66 42.18 91.84 OK
r-release-osx-x86_64-mavericks 1.0.1 NOTE
r-release-windows-ix86+x86_64 1.0.1 233.00 95.00 328.00 OK
r-oldrel-windows-ix86+x86_64 1.0.1 225.00 131.00 356.00 OK

Check Details

Version: 1.0.1
Check: compiled code
Result: NOTE
    File ‘MAINT.Data/libs/MAINT.Data.so’:
     Found no calls to: ‘R_registerRoutines’, ‘R_useDynamicSymbols’
    
    It is good practice to register native routines and to disable symbol
    search.
    
    See ‘Writing portable packages’ in the ‘Writing R Extensions’ manual.
Flavors: r-devel-linux-x86_64-debian-clang, r-devel-linux-x86_64-debian-gcc

Version: 1.0.1
Flags: --no-stop-on-test-error
Check: installed package size
Result: NOTE
     installed size is 15.8Mb
     sub-directories of 1Mb or more:
     libs 15.2Mb
Flavors: r-devel-linux-x86_64-fedora-clang, r-devel-linux-x86_64-fedora-gcc

Version: 1.0.1
Flags: --no-stop-on-test-error
Check: compiled code
Result: NOTE
    File ‘MAINT.Data/libs/MAINT.Data.so’:
     Found no calls to: ‘R_registerRoutines’, ‘R_useDynamicSymbols’
    
    It is good practice to register native routines and to disable symbol
    search.
    
    See ‘Writing portable packages’ in the ‘Writing R Extensions’ manual.
Flavors: r-devel-linux-x86_64-fedora-clang, r-devel-linux-x86_64-fedora-gcc, r-devel-macos-x86_64-clang

Version: 1.0.1
Check: installed package size
Result: NOTE
     installed size is 15.6Mb
     sub-directories of 1Mb or more:
     libs 15.0Mb
Flavor: r-release-osx-x86_64-mavericks