Last updated on 2017-02-24 23:52:36.
Flavor | Version | Tinstall | Tcheck | Ttotal | Status | Flags |
---|---|---|---|---|---|---|
r-devel-linux-x86_64-debian-clang | 0.0-8 | 5.10 | 17.61 | 22.70 | NOTE | |
r-devel-linux-x86_64-debian-gcc | 0.0-8 | 5.81 | 17.83 | 23.64 | NOTE | |
r-devel-linux-x86_64-fedora-clang | 0.0-8 | 41.44 | NOTE | --no-stop-on-test-error | ||
r-devel-linux-x86_64-fedora-gcc | 0.0-8 | 41.13 | NOTE | --no-stop-on-test-error | ||
r-devel-macos-x86_64-clang | 0.0-8 | 33.76 | NOTE | --no-stop-on-test-error | ||
r-devel-windows-ix86+x86_64 | 0.0-8 | 69.00 | 66.00 | 135.00 | NOTE | |
r-patched-linux-x86_64 | 0.0-8 | 5.08 | 15.05 | 20.12 | NOTE | |
r-patched-solaris-sparc | 0.0-8 | 192.70 | NOTE | |||
r-patched-solaris-x86 | 0.0-8 | 45.30 | NOTE | |||
r-release-linux-x86_64 | 0.0-8 | 5.00 | 14.21 | 19.21 | NOTE | |
r-release-osx-x86_64-mavericks | 0.0-8 | NOTE | ||||
r-release-windows-ix86+x86_64 | 0.0-8 | 35.00 | 50.00 | 85.00 | NOTE | |
r-oldrel-windows-ix86+x86_64 | 0.0-8 | 56.00 | 86.00 | 142.00 | NOTE |
Version: 0.0-8
Check: DESCRIPTION meta-information
Result: NOTE
Malformed Description field: should contain one or more complete sentences.
Flavors: r-devel-linux-x86_64-debian-clang, r-devel-linux-x86_64-debian-gcc, r-devel-windows-ix86+x86_64, r-patched-linux-x86_64, r-patched-solaris-sparc, r-patched-solaris-x86, r-release-linux-x86_64, r-release-osx-x86_64-mavericks, r-release-windows-ix86+x86_64, r-oldrel-windows-ix86+x86_64
Version: 0.0-8
Check: R code for possible problems
Result: NOTE
mba.surf: no visible global function definition for ‘chull’
Undefined global functions or variables:
chull
Consider adding
importFrom("grDevices", "chull")
to your NAMESPACE file.
Flavors: r-devel-linux-x86_64-debian-clang, r-devel-linux-x86_64-debian-gcc, r-devel-windows-ix86+x86_64, r-patched-linux-x86_64, r-patched-solaris-sparc, r-patched-solaris-x86, r-release-linux-x86_64, r-release-osx-x86_64-mavericks, r-release-windows-ix86+x86_64
Version: 0.0-8
Check: compiled code
Result: NOTE
File ‘MBA/libs/MBA.so’:
Found no calls to: ‘R_registerRoutines’, ‘R_useDynamicSymbols’
It is good practice to register native routines and to disable symbol
search.
See ‘Writing portable packages’ in the ‘Writing R Extensions’ manual.
Flavors: r-devel-linux-x86_64-debian-clang, r-devel-linux-x86_64-debian-gcc
Version: 0.0-8
Flags: --no-stop-on-test-error
Check: DESCRIPTION meta-information
Result: NOTE
Malformed Description field: should contain one or more complete sentences.
Flavors: r-devel-linux-x86_64-fedora-clang, r-devel-linux-x86_64-fedora-gcc, r-devel-macos-x86_64-clang
Version: 0.0-8
Flags: --no-stop-on-test-error
Check: R code for possible problems
Result: NOTE
mba.surf: no visible global function definition for ‘chull’
Undefined global functions or variables:
chull
Consider adding
importFrom("grDevices", "chull")
to your NAMESPACE file.
Flavors: r-devel-linux-x86_64-fedora-clang, r-devel-linux-x86_64-fedora-gcc, r-devel-macos-x86_64-clang
Version: 0.0-8
Flags: --no-stop-on-test-error
Check: compiled code
Result: NOTE
File ‘MBA/libs/MBA.so’:
Found no calls to: ‘R_registerRoutines’, ‘R_useDynamicSymbols’
It is good practice to register native routines and to disable symbol
search.
See ‘Writing portable packages’ in the ‘Writing R Extensions’ manual.
Flavors: r-devel-linux-x86_64-fedora-clang, r-devel-linux-x86_64-fedora-gcc, r-devel-macos-x86_64-clang