CRAN Package Check Results for Package MLmetrics

Last updated on 2017-02-24 23:52:38.

Flavor Version Tinstall Tcheck Ttotal Status Flags
r-devel-linux-x86_64-debian-clang 1.1.1 0.77 13.76 14.53 OK
r-devel-linux-x86_64-debian-gcc 1.1.1 0.74 14.26 15.00 OK
r-devel-linux-x86_64-fedora-clang 1.1.1 22.73 NOTE --no-stop-on-test-error
r-devel-linux-x86_64-fedora-gcc 1.1.1 27.02 NOTE --no-stop-on-test-error
r-devel-macos-x86_64-clang 1.1.1 20.88 NOTE --no-stop-on-test-error
r-devel-windows-ix86+x86_64 1.1.1 9.00 39.00 48.00 OK
r-patched-linux-x86_64 1.1.1 0.70 11.33 12.03 OK
r-patched-solaris-sparc 1.1.1 126.80 NOTE
r-patched-solaris-x86 1.1.1 28.30 NOTE
r-release-linux-x86_64 1.1.1 2.67 11.55 14.22 OK
r-release-osx-x86_64-mavericks 1.1.1 NOTE
r-release-windows-ix86+x86_64 1.1.1 5.00 30.00 35.00 OK
r-oldrel-windows-ix86+x86_64 1.1.1 4.00 35.00 39.00 NOTE

Check Details

Version: 1.1.1
Flags: --no-stop-on-test-error
Check: dependencies in R code
Result: NOTE
    Namespace in Imports field not imported from: ‘utils’
     All declared Imports should be used.
Flavors: r-devel-linux-x86_64-fedora-clang, r-devel-linux-x86_64-fedora-gcc, r-devel-macos-x86_64-clang

Version: 1.1.1
Check: dependencies in R code
Result: NOTE
    Namespace in Imports field not imported from: ‘utils’
     All declared Imports should be used.
Flavors: r-patched-solaris-sparc, r-patched-solaris-x86, r-release-osx-x86_64-mavericks, r-oldrel-windows-ix86+x86_64