Last updated on 2017-02-24 23:52:38.
Flavor | Version | Tinstall | Tcheck | Ttotal | Status | Flags |
---|---|---|---|---|---|---|
r-devel-linux-x86_64-debian-clang | 1.10.3 | 26.28 | 109.47 | 135.75 | NOTE | |
r-devel-linux-x86_64-debian-gcc | 1.10.3 | 27.09 | 103.79 | 130.88 | NOTE | |
r-devel-linux-x86_64-fedora-clang | 1.10.3 | 283.67 | NOTE | --no-stop-on-test-error | ||
r-devel-linux-x86_64-fedora-gcc | 1.10.3 | 289.48 | NOTE | --no-stop-on-test-error | ||
r-devel-macos-x86_64-clang | 1.10.3 | 198.24 | NOTE | --no-stop-on-test-error | ||
r-devel-windows-ix86+x86_64 | 1.10.3 | 126.00 | 276.00 | 402.00 | OK | |
r-patched-linux-x86_64 | 1.10.3 | 23.36 | 104.70 | 128.07 | OK | |
r-patched-solaris-sparc | 1.10.3 | 1462.40 | OK | |||
r-patched-solaris-x86 | 1.10.3 | 264.90 | OK | |||
r-release-linux-x86_64 | 1.10.3 | 22.11 | 100.64 | 122.75 | OK | |
r-release-osx-x86_64-mavericks | 1.10.3 | NOTE | ||||
r-release-windows-ix86+x86_64 | 1.10.3 | 85.00 | 266.00 | 351.00 | OK | |
r-oldrel-windows-ix86+x86_64 | 1.10.3 | 82.00 | 255.00 | 337.00 | OK |
Version: 1.10.3
Check: compiled code
Result: NOTE
File ‘MPTinR/libs/MPTinR.so’:
Found no calls to: ‘R_registerRoutines’, ‘R_useDynamicSymbols’
It is good practice to register native routines and to disable symbol
search.
See ‘Writing portable packages’ in the ‘Writing R Extensions’ manual.
Flavors: r-devel-linux-x86_64-debian-clang, r-devel-linux-x86_64-debian-gcc
Version: 1.10.3
Flags: --no-stop-on-test-error
Check: installed package size
Result: NOTE
installed size is 9.6Mb
sub-directories of 1Mb or more:
libs 8.6Mb
Flavors: r-devel-linux-x86_64-fedora-clang, r-devel-linux-x86_64-fedora-gcc
Version: 1.10.3
Flags: --no-stop-on-test-error
Check: compiled code
Result: NOTE
File ‘MPTinR/libs/MPTinR.so’:
Found no calls to: ‘R_registerRoutines’, ‘R_useDynamicSymbols’
It is good practice to register native routines and to disable symbol
search.
See ‘Writing portable packages’ in the ‘Writing R Extensions’ manual.
Flavors: r-devel-linux-x86_64-fedora-clang, r-devel-linux-x86_64-fedora-gcc, r-devel-macos-x86_64-clang
Version: 1.10.3
Check: installed package size
Result: NOTE
installed size is 9.2Mb
sub-directories of 1Mb or more:
libs 8.3Mb
Flavor: r-release-osx-x86_64-mavericks