CRAN Package Check Results for Package MSIseq

Last updated on 2017-02-24 23:52:39.

Flavor Version Tinstall Tcheck Ttotal Status Flags
r-devel-linux-x86_64-debian-clang 1.0.0 4.60 54.18 58.79 NOTE --no-vignettes
r-devel-linux-x86_64-debian-gcc 1.0.0 4.81 54.76 59.57 NOTE --no-vignettes
r-devel-linux-x86_64-fedora-clang 1.0.0 477.98 NOTE --no-stop-on-test-error
r-devel-linux-x86_64-fedora-gcc 1.0.0 478.56 NOTE --no-stop-on-test-error
r-devel-macos-x86_64-clang 1.0.0 428.16 NOTE --no-stop-on-test-error
r-devel-windows-ix86+x86_64 1.0.0 27.00 138.00 165.00 NOTE --no-vignettes
r-patched-linux-x86_64 1.0.0 5.02 50.44 55.46 NOTE --no-vignettes
r-patched-solaris-sparc 1.0.0 589.50 NOTE --no-examples --no-vignettes
r-patched-solaris-x86 1.0.0 120.00 NOTE --no-examples --no-vignettes
r-release-linux-x86_64 1.0.0 4.49 49.03 53.52 NOTE --no-vignettes
r-release-osx-x86_64-mavericks 1.0.0 NOTE
r-release-windows-ix86+x86_64 1.0.0 18.00 167.00 185.00 NOTE --no-vignettes
r-oldrel-windows-ix86+x86_64 1.0.0 27.00 170.00 197.00 OK --no-vignettes

Check Details

Version: 1.0.0
Flags: --no-vignettes
Check: R code for possible problems
Result: NOTE
    MSIseq.classify: no visible global function definition for ‘predict’
    Undefined global functions or variables:
     predict
    Consider adding
     importFrom("stats", "predict")
    to your NAMESPACE file.
Flavors: r-devel-linux-x86_64-debian-clang, r-devel-linux-x86_64-debian-gcc, r-devel-windows-ix86+x86_64, r-patched-linux-x86_64, r-release-linux-x86_64, r-release-windows-ix86+x86_64

Version: 1.0.0
Flags: --no-stop-on-test-error
Check: R code for possible problems
Result: NOTE
    MSIseq.classify: no visible global function definition for ‘predict’
    Undefined global functions or variables:
     predict
    Consider adding
     importFrom("stats", "predict")
    to your NAMESPACE file.
Flavors: r-devel-linux-x86_64-fedora-clang, r-devel-linux-x86_64-fedora-gcc, r-devel-macos-x86_64-clang

Version: 1.0.0
Flags: --no-examples --no-vignettes
Check: R code for possible problems
Result: NOTE
    MSIseq.classify: no visible global function definition for ‘predict’
    Undefined global functions or variables:
     predict
    Consider adding
     importFrom("stats", "predict")
    to your NAMESPACE file.
Flavors: r-patched-solaris-sparc, r-patched-solaris-x86

Version: 1.0.0
Check: R code for possible problems
Result: NOTE
    MSIseq.classify: no visible global function definition for ‘predict’
    Undefined global functions or variables:
     predict
    Consider adding
     importFrom("stats", "predict")
    to your NAMESPACE file.
Flavor: r-release-osx-x86_64-mavericks