CRAN Package Check Results for Package MixedDataImpute

Last updated on 2017-02-24 23:52:38.

Flavor Version Tinstall Tcheck Ttotal Status Flags
r-devel-linux-x86_64-debian-clang 0.1 46.35 24.35 70.70 NOTE
r-devel-linux-x86_64-debian-gcc 0.1 54.08 24.36 78.44 NOTE
r-devel-linux-x86_64-fedora-clang 0.1 149.81 NOTE --no-stop-on-test-error
r-devel-linux-x86_64-fedora-gcc 0.1 150.32 NOTE --no-stop-on-test-error
r-devel-macos-x86_64-clang 0.1 97.54 NOTE --no-stop-on-test-error
r-devel-windows-ix86+x86_64 0.1 268.00 101.00 369.00 WARN
r-patched-linux-x86_64 0.1 42.89 20.83 63.72 OK
r-patched-solaris-sparc 0.1 634.20 OK
r-patched-solaris-x86 0.1 128.50 OK
r-release-linux-x86_64 0.1 42.33 20.89 63.22 OK
r-release-osx-x86_64-mavericks 0.1 NOTE
r-release-windows-ix86+x86_64 0.1 195.00 79.00 274.00 OK
r-oldrel-windows-ix86+x86_64 0.1 194.00 111.00 305.00 OK

Check Details

Version: 0.1
Check: compiled code
Result: NOTE
    File ‘MixedDataImpute/libs/MixedDataImpute.so’:
     Found no calls to: ‘R_registerRoutines’, ‘R_useDynamicSymbols’
    
    It is good practice to register native routines and to disable symbol
    search.
    
    See ‘Writing portable packages’ in the ‘Writing R Extensions’ manual.
Flavors: r-devel-linux-x86_64-debian-clang, r-devel-linux-x86_64-debian-gcc

Version: 0.1
Flags: --no-stop-on-test-error
Check: installed package size
Result: NOTE
     installed size is 5.7Mb
     sub-directories of 1Mb or more:
     libs 5.3Mb
Flavors: r-devel-linux-x86_64-fedora-clang, r-devel-linux-x86_64-fedora-gcc

Version: 0.1
Flags: --no-stop-on-test-error
Check: compiled code
Result: NOTE
    File ‘MixedDataImpute/libs/MixedDataImpute.so’:
     Found no calls to: ‘R_registerRoutines’, ‘R_useDynamicSymbols’
    
    It is good practice to register native routines and to disable symbol
    search.
    
    See ‘Writing portable packages’ in the ‘Writing R Extensions’ manual.
Flavors: r-devel-linux-x86_64-fedora-clang, r-devel-linux-x86_64-fedora-gcc, r-devel-macos-x86_64-clang

Version: 0.1
Check: whether package can be installed
Result: WARN
    Found the following significant warnings:
     d:/RCompile/CRANpkg/lib/3.4/BH/include/boost/unordered/detail/buckets.hpp:586:29: warning: ISO C++ 1998 does not support 'long long' [-Wlong-long]
     d:/RCompile/CRANpkg/lib/3.4/BH/include/boost/unordered/detail/buckets.hpp:591:38: warning: ISO C++ 1998 does not support 'long long' [-Wlong-long]
Flavor: r-devel-windows-ix86+x86_64

Version: 0.1
Check: installed package size
Result: NOTE
     installed size is 5.9Mb
     sub-directories of 1Mb or more:
     libs 5.5Mb
Flavor: r-release-osx-x86_64-mavericks