Last updated on 2017-02-24 23:52:39.
Flavor | Version | Tinstall | Tcheck | Ttotal | Status | Flags |
---|---|---|---|---|---|---|
r-devel-linux-x86_64-debian-clang | 0.2.0 | 60.91 | 65.98 | 126.89 | NOTE | |
r-devel-linux-x86_64-debian-gcc | 0.2.0 | 63.91 | 71.18 | 135.09 | NOTE | |
r-devel-linux-x86_64-fedora-clang | 0.2.0 | 293.51 | NOTE | --no-stop-on-test-error | ||
r-devel-linux-x86_64-fedora-gcc | 0.2.0 | 308.16 | NOTE | --no-stop-on-test-error | ||
r-devel-macos-x86_64-clang | 0.2.0 | 188.47 | NOTE | --no-stop-on-test-error | ||
r-devel-windows-ix86+x86_64 | 0.2.0 | 392.00 | 176.00 | 568.00 | OK | |
r-patched-linux-x86_64 | 0.2.0 | 51.44 | 69.46 | 120.91 | OK | |
r-patched-solaris-sparc | 0.2.0 | 229.20 | ERROR | |||
r-patched-solaris-x86 | 0.2.0 | 44.50 | ERROR | |||
r-release-linux-x86_64 | 0.2.0 | 51.15 | 70.17 | 121.32 | OK | |
r-release-osx-x86_64-mavericks | 0.2.0 | NOTE | ||||
r-release-windows-ix86+x86_64 | 0.2.0 | 301.00 | 140.00 | 441.00 | OK | |
r-oldrel-windows-ix86+x86_64 | 0.2.0 | 327.00 | 216.00 | 543.00 | OK |
Memtest notes: clang-UBSAN clang-UBSAN
Version: 0.2.0
Check: compiled code
Result: NOTE
File ‘MultiBD/libs/MultiBD.so’:
Found no calls to: ‘R_registerRoutines’, ‘R_useDynamicSymbols’
It is good practice to register native routines and to disable symbol
search.
See ‘Writing portable packages’ in the ‘Writing R Extensions’ manual.
Flavors: r-devel-linux-x86_64-debian-clang, r-devel-linux-x86_64-debian-gcc
Version: 0.2.0
Flags: --no-stop-on-test-error
Check: installed package size
Result: NOTE
installed size is 5.9Mb
sub-directories of 1Mb or more:
libs 4.3Mb
Flavors: r-devel-linux-x86_64-fedora-clang, r-devel-linux-x86_64-fedora-gcc
Version: 0.2.0
Flags: --no-stop-on-test-error
Check: compiled code
Result: NOTE
File ‘MultiBD/libs/MultiBD.so’:
Found no calls to: ‘R_registerRoutines’, ‘R_useDynamicSymbols’
It is good practice to register native routines and to disable symbol
search.
See ‘Writing portable packages’ in the ‘Writing R Extensions’ manual.
Flavors: r-devel-linux-x86_64-fedora-clang, r-devel-linux-x86_64-fedora-gcc, r-devel-macos-x86_64-clang
Version: 0.2.0
Check: whether package can be installed
Result: ERROR
Installation failed.
Flavors: r-patched-solaris-sparc, r-patched-solaris-x86
Version: 0.2.0
Check: installed package size
Result: NOTE
installed size is 5.4Mb
sub-directories of 1Mb or more:
libs 4.1Mb
Flavor: r-release-osx-x86_64-mavericks