CRAN Package Check Results for Package NPflow

Last updated on 2017-02-24 23:52:40.

Flavor Version Tinstall Tcheck Ttotal Status Flags
r-devel-linux-x86_64-debian-clang 0.10.1 109.72 58.92 168.64 NOTE
r-devel-linux-x86_64-debian-gcc 0.10.1 123.72 59.99 183.71 NOTE
r-devel-linux-x86_64-fedora-clang 0.10.1 347.01 NOTE --no-stop-on-test-error
r-devel-linux-x86_64-fedora-gcc 0.10.1 335.41 NOTE --no-stop-on-test-error
r-devel-macos-x86_64-clang 0.10.1 226.27 NOTE --no-stop-on-test-error
r-devel-windows-ix86+x86_64 0.10.1 576.00 210.00 786.00 OK
r-patched-linux-x86_64 0.10.1 95.23 54.52 149.75 OK
r-patched-solaris-sparc 0.10.1 1624.10 NOTE
r-patched-solaris-x86 0.10.1 304.80 NOTE
r-release-linux-x86_64 0.10.1 96.17 54.15 150.32 OK
r-release-osx-x86_64-mavericks 0.10.1 NOTE
r-release-windows-ix86+x86_64 0.10.1 473.00 156.00 629.00 OK
r-oldrel-windows-ix86+x86_64 0.10.1 410.00 199.00 609.00 OK

Check Details

Version: 0.10.1
Check: compiled code
Result: NOTE
    File ‘NPflow/libs/NPflow.so’:
     Found no calls to: ‘R_registerRoutines’, ‘R_useDynamicSymbols’
    
    It is good practice to register native routines and to disable symbol
    search.
    
    See ‘Writing portable packages’ in the ‘Writing R Extensions’ manual.
Flavors: r-devel-linux-x86_64-debian-clang, r-devel-linux-x86_64-debian-gcc

Version: 0.10.1
Flags: --no-stop-on-test-error
Check: installed package size
Result: NOTE
     installed size is 6.5Mb
     sub-directories of 1Mb or more:
     libs 6.1Mb
Flavors: r-devel-linux-x86_64-fedora-clang, r-devel-linux-x86_64-fedora-gcc

Version: 0.10.1
Flags: --no-stop-on-test-error
Check: compiled code
Result: NOTE
    File ‘NPflow/libs/NPflow.so’:
     Found no calls to: ‘R_registerRoutines’, ‘R_useDynamicSymbols’
    
    It is good practice to register native routines and to disable symbol
    search.
    
    See ‘Writing portable packages’ in the ‘Writing R Extensions’ manual.
Flavors: r-devel-linux-x86_64-fedora-clang, r-devel-linux-x86_64-fedora-gcc, r-devel-macos-x86_64-clang

Version: 0.10.1
Check: package dependencies
Result: NOTE
    Package suggested but not available for checking: ‘microbenchmark’
Flavors: r-patched-solaris-sparc, r-patched-solaris-x86

Version: 0.10.1
Check: installed package size
Result: NOTE
     installed size is 6.4Mb
     sub-directories of 1Mb or more:
     libs 6.0Mb
Flavor: r-release-osx-x86_64-mavericks