CRAN Package Check Results for Package NSUM

Last updated on 2017-02-24 23:52:41.

Flavor Version Tinstall Tcheck Ttotal Status Flags
r-devel-linux-x86_64-debian-clang 1.0 2.57 39.70 42.27 NOTE
r-devel-linux-x86_64-debian-gcc 1.0 2.63 40.32 42.95 NOTE
r-devel-linux-x86_64-fedora-clang 1.0 91.59 NOTE --no-stop-on-test-error
r-devel-linux-x86_64-fedora-gcc 1.0 92.09 NOTE --no-stop-on-test-error
r-devel-macos-x86_64-clang 1.0 71.59 NOTE --no-stop-on-test-error
r-devel-windows-ix86+x86_64 1.0 11.00 69.00 80.00 NOTE
r-patched-linux-x86_64 1.0 2.42 37.57 39.99 NOTE
r-patched-solaris-sparc 1.0 516.50 NOTE
r-patched-solaris-x86 1.0 118.20 NOTE
r-release-linux-x86_64 1.0 2.78 37.57 40.35 NOTE
r-release-osx-x86_64-mavericks 1.0 NOTE
r-release-windows-ix86+x86_64 1.0 9.00 96.00 105.00 NOTE
r-oldrel-windows-ix86+x86_64 1.0 11.00 132.00 143.00 OK

Check Details

Version: 1.0
Check: R code for possible problems
Result: NOTE
    .mcmc.bar: no visible global function definition for ‘rnorm’
    .mcmc.bar: no visible global function definition for ‘runif’
    .mcmc.comb: no visible global function definition for ‘rnorm’
    .mcmc.comb: no visible global function definition for ‘runif’
    .mcmc.rd: no visible global function definition for ‘rnorm’
    .mcmc.rd: no visible global function definition for ‘runif’
    .mcmc.trans: no visible global function definition for ‘rnorm’
    .mcmc.trans: no visible global function definition for ‘runif’
    .simulate.bar: no visible global function definition for ‘rlnorm’
    .simulate.bar: no visible global function definition for ‘rbeta’
    .simulate.bar: no visible global function definition for ‘rbinom’
    .simulate.comb: no visible global function definition for ‘rlnorm’
    .simulate.comb: no visible global function definition for ‘rbeta’
    .simulate.comb: no visible global function definition for ‘rbinom’
    .simulate.rd: no visible global function definition for ‘rlnorm’
    .simulate.rd: no visible global function definition for ‘rbinom’
    .simulate.trans: no visible global function definition for ‘rlnorm’
    .simulate.trans: no visible global function definition for ‘rbinom’
    Undefined global functions or variables:
     rbeta rbinom rlnorm rnorm runif
    Consider adding
     importFrom("stats", "rbeta", "rbinom", "rlnorm", "rnorm", "runif")
    to your NAMESPACE file.
Flavors: r-devel-linux-x86_64-debian-clang, r-devel-linux-x86_64-debian-gcc, r-devel-windows-ix86+x86_64, r-patched-linux-x86_64, r-patched-solaris-sparc, r-patched-solaris-x86, r-release-linux-x86_64, r-release-osx-x86_64-mavericks, r-release-windows-ix86+x86_64

Version: 1.0
Flags: --no-stop-on-test-error
Check: R code for possible problems
Result: NOTE
    .mcmc.bar: no visible global function definition for ‘rnorm’
    .mcmc.bar: no visible global function definition for ‘runif’
    .mcmc.comb: no visible global function definition for ‘rnorm’
    .mcmc.comb: no visible global function definition for ‘runif’
    .mcmc.rd: no visible global function definition for ‘rnorm’
    .mcmc.rd: no visible global function definition for ‘runif’
    .mcmc.trans: no visible global function definition for ‘rnorm’
    .mcmc.trans: no visible global function definition for ‘runif’
    .simulate.bar: no visible global function definition for ‘rlnorm’
    .simulate.bar: no visible global function definition for ‘rbeta’
    .simulate.bar: no visible global function definition for ‘rbinom’
    .simulate.comb: no visible global function definition for ‘rlnorm’
    .simulate.comb: no visible global function definition for ‘rbeta’
    .simulate.comb: no visible global function definition for ‘rbinom’
    .simulate.rd: no visible global function definition for ‘rlnorm’
    .simulate.rd: no visible global function definition for ‘rbinom’
    .simulate.trans: no visible global function definition for ‘rlnorm’
    .simulate.trans: no visible global function definition for ‘rbinom’
    Undefined global functions or variables:
     rbeta rbinom rlnorm rnorm runif
    Consider adding
     importFrom("stats", "rbeta", "rbinom", "rlnorm", "rnorm", "runif")
    to your NAMESPACE file.
Flavors: r-devel-linux-x86_64-fedora-clang, r-devel-linux-x86_64-fedora-gcc, r-devel-macos-x86_64-clang