CRAN Package Check Results for Package OutrankingTools

Last updated on 2017-02-24 23:52:42.

Flavor Version Tinstall Tcheck Ttotal Status Flags
r-devel-linux-x86_64-debian-clang 1.0 0.84 21.50 22.35 NOTE
r-devel-linux-x86_64-debian-gcc 1.0 0.64 20.83 21.47 NOTE
r-devel-linux-x86_64-fedora-clang 1.0 36.05 NOTE --no-stop-on-test-error
r-devel-linux-x86_64-fedora-gcc 1.0 35.50 NOTE --no-stop-on-test-error
r-devel-macos-x86_64-clang 1.0 31.60 NOTE --no-stop-on-test-error
r-devel-windows-ix86+x86_64 1.0 9.00 39.00 48.00 NOTE
r-patched-linux-x86_64 1.0 0.67 18.53 19.20 NOTE
r-patched-solaris-sparc 1.0 209.90 NOTE
r-patched-solaris-x86 1.0 42.00 NOTE
r-release-linux-x86_64 1.0 0.72 18.05 18.77 NOTE
r-release-osx-x86_64-mavericks 1.0 NOTE
r-release-windows-ix86+x86_64 1.0 5.00 50.00 55.00 NOTE
r-oldrel-windows-ix86+x86_64 1.0 4.00 49.00 53.00 OK

Check Details

Version: 1.0
Check: R code for possible problems
Result: NOTE
    Electre3_AlphaBetaThresholds: no visible global function definition for
     ‘plot’
    Electre3_SimpleThresholds: no visible global function definition for
     ‘plot’
    Electre_1: no visible global function definition for ‘plot’
    Undefined global functions or variables:
     plot
    Consider adding
     importFrom("graphics", "plot")
    to your NAMESPACE file.
Flavors: r-devel-linux-x86_64-debian-clang, r-devel-linux-x86_64-debian-gcc, r-devel-windows-ix86+x86_64, r-patched-linux-x86_64, r-patched-solaris-sparc, r-patched-solaris-x86, r-release-linux-x86_64, r-release-osx-x86_64-mavericks, r-release-windows-ix86+x86_64

Version: 1.0
Flags: --no-stop-on-test-error
Check: R code for possible problems
Result: NOTE
    Electre3_AlphaBetaThresholds: no visible global function definition for
     ‘plot’
    Electre3_SimpleThresholds: no visible global function definition for
     ‘plot’
    Electre_1: no visible global function definition for ‘plot’
    Undefined global functions or variables:
     plot
    Consider adding
     importFrom("graphics", "plot")
    to your NAMESPACE file.
Flavors: r-devel-linux-x86_64-fedora-clang, r-devel-linux-x86_64-fedora-gcc, r-devel-macos-x86_64-clang