Last updated on 2017-02-24 23:52:42.
Flavor | Version | Tinstall | Tcheck | Ttotal | Status | Flags |
---|---|---|---|---|---|---|
r-devel-linux-x86_64-debian-clang | 0.7.6 | 1.76 | 35.61 | 37.37 | NOTE | |
r-devel-linux-x86_64-debian-gcc | 0.7.6 | 1.84 | 35.12 | 36.96 | NOTE | |
r-devel-linux-x86_64-fedora-clang | 0.7.6 | 64.20 | NOTE | --no-stop-on-test-error | ||
r-devel-linux-x86_64-fedora-gcc | 0.7.6 | 63.37 | NOTE | --no-stop-on-test-error | ||
r-devel-macos-x86_64-clang | 0.7.6 | 53.63 | NOTE | --no-stop-on-test-error | ||
r-patched-linux-x86_64 | 0.7.6 | 1.62 | 30.22 | 31.84 | NOTE | |
r-patched-solaris-sparc | 0.7.6 | 293.30 | ERROR | |||
r-patched-solaris-x86 | 0.7.6 | 64.20 | ERROR | |||
r-release-linux-x86_64 | 0.7.6 | 1.57 | 30.30 | 31.87 | NOTE | |
r-release-osx-x86_64-mavericks | 0.7.6 | NOTE |
Version: 0.7.6
Check: package dependencies
Result: NOTE
Packages suggested but not available for checking:
‘genealogicalSorting’ ‘phybase’
Flavors: r-devel-linux-x86_64-debian-clang, r-devel-linux-x86_64-debian-gcc, r-patched-linux-x86_64, r-patched-solaris-sparc, r-patched-solaris-x86, r-release-linux-x86_64
Version: 0.7.6
Check: R code for possible problems
Result: NOTE
ms.exec: no visible global function definition for ‘tail’
p2c2m.readstarb: no visible global function definition for ‘head’
p2c2m.readstarb: no visible binding for global variable ‘head’
rmOutlrs: no visible global function definition for ‘boxplot.stats’
rmext: no visible global function definition for ‘tail’
rowMedians: no visible binding for global variable ‘median’
stats.acrGenes: no visible binding for global variable ‘sd’
stats.perGene: no visible binding for global variable ‘sd’
statshelpers.cv: no visible binding for global variable ‘sd’
statshelpers.qntls: no visible binding for global variable ‘quantile’
Undefined global functions or variables:
boxplot.stats head median quantile sd tail
Consider adding
importFrom("grDevices", "boxplot.stats")
importFrom("stats", "median", "quantile", "sd")
importFrom("utils", "head", "tail")
to your NAMESPACE file.
Flavors: r-devel-linux-x86_64-debian-clang, r-devel-linux-x86_64-debian-gcc, r-patched-linux-x86_64, r-patched-solaris-sparc, r-patched-solaris-x86, r-release-linux-x86_64, r-release-osx-x86_64-mavericks
Version: 0.7.6
Flags: --no-stop-on-test-error
Check: package dependencies
Result: NOTE
Packages suggested but not available for checking:
‘genealogicalSorting’ ‘phybase’
Flavors: r-devel-linux-x86_64-fedora-clang, r-devel-linux-x86_64-fedora-gcc, r-devel-macos-x86_64-clang
Version: 0.7.6
Flags: --no-stop-on-test-error
Check: R code for possible problems
Result: NOTE
ms.exec: no visible global function definition for ‘tail’
p2c2m.readstarb: no visible global function definition for ‘head’
p2c2m.readstarb: no visible binding for global variable ‘head’
rmOutlrs: no visible global function definition for ‘boxplot.stats’
rmext: no visible global function definition for ‘tail’
rowMedians: no visible binding for global variable ‘median’
stats.acrGenes: no visible binding for global variable ‘sd’
stats.perGene: no visible binding for global variable ‘sd’
statshelpers.cv: no visible binding for global variable ‘sd’
statshelpers.qntls: no visible binding for global variable ‘quantile’
Undefined global functions or variables:
boxplot.stats head median quantile sd tail
Consider adding
importFrom("grDevices", "boxplot.stats")
importFrom("stats", "median", "quantile", "sd")
importFrom("utils", "head", "tail")
to your NAMESPACE file.
Flavors: r-devel-linux-x86_64-fedora-clang, r-devel-linux-x86_64-fedora-gcc, r-devel-macos-x86_64-clang
Version: 0.7.6
Flags: --no-stop-on-test-error
Check: data for non-ASCII characters
Result: NOTE
Note: found 490 marked UTF-8 strings
Flavors: r-devel-linux-x86_64-fedora-clang, r-devel-linux-x86_64-fedora-gcc, r-devel-macos-x86_64-clang
Version: 0.7.6
Check: data for non-ASCII characters
Result: NOTE
Note: found 490 marked UTF-8 strings
Flavors: r-patched-solaris-sparc, r-patched-solaris-x86, r-release-osx-x86_64-mavericks
Version: 0.7.6
Check: examples
Result: ERROR
Running examples in ‘P2C2M-Ex.R’ failed
The error most likely occurred in:
> ### Name: p2c2m.complete
> ### Title: Execute the complete P2C2M pipeline via a single command
> ### Aliases: p2c2m.complete
>
> ### ** Examples
>
> ## Example of the minimal data requirements to run P2C2M
>
> # The absolute path to the input directory is set
> inPath <- system.file("extdata", "sim.E.003.small/", package="P2C2M")
>
> # The name of the xml-file generated by BEAUTi and located in
> # "inPath" is set
> inFile <- "sim.E.003.small.xml"
>
> # Posterior predictive simulations with a setting of 2 simulation
> # replicates are preformed
> sim.E.003.small <- p2c2m.complete(inPath, inFile, num.reps=2, save.metadata=TRUE)
Error in python.exec(code, get.exception) : cannot import name izip
Calls: p2c2m.complete -> p2c2m.readstarb -> <Anonymous> -> python.exec
Execution halted
Flavors: r-patched-solaris-sparc, r-patched-solaris-x86
Version: 0.7.6
Check: package dependencies
Result: NOTE
Packages suggested but not available for checking:
‘genealogicalSorting’ ‘phybase’ ‘Rmpi’
Flavor: r-release-osx-x86_64-mavericks