Last updated on 2017-02-24 23:52:45.
Flavor | Version | Tinstall | Tcheck | Ttotal | Status | Flags |
---|---|---|---|---|---|---|
r-devel-linux-x86_64-debian-clang | 1.0 | 2.55 | 43.02 | 45.57 | NOTE | |
r-devel-linux-x86_64-debian-gcc | 1.0 | 2.55 | 42.76 | 45.31 | NOTE | |
r-devel-linux-x86_64-fedora-clang | 1.0 | 101.64 | NOTE | --no-stop-on-test-error | ||
r-devel-linux-x86_64-fedora-gcc | 1.0 | 98.51 | NOTE | --no-stop-on-test-error | ||
r-devel-macos-x86_64-clang | 1.0 | 76.99 | NOTE | --no-stop-on-test-error | ||
r-devel-windows-ix86+x86_64 | 1.0 | 16.00 | 77.00 | 93.00 | NOTE | |
r-patched-linux-x86_64 | 1.0 | 2.44 | 39.52 | 41.96 | NOTE | |
r-patched-solaris-sparc | 1.0 | 553.80 | NOTE | |||
r-patched-solaris-x86 | 1.0 | 148.00 | NOTE | |||
r-release-linux-x86_64 | 1.0 | 2.58 | 38.47 | 41.04 | NOTE | |
r-release-osx-x86_64-mavericks | 1.0 | NOTE | ||||
r-release-windows-ix86+x86_64 | 1.0 | 11.00 | 101.00 | 112.00 | NOTE | |
r-oldrel-windows-ix86+x86_64 | 1.0 | 11.00 | 146.00 | 157.00 | NOTE |
Version: 1.0
Check: dependencies in R code
Result: NOTE
'library' or 'require' call to ‘igraph’ which was already attached by Depends.
Please remove these calls from your code.
Flavors: r-devel-linux-x86_64-debian-clang, r-devel-linux-x86_64-debian-gcc, r-devel-windows-ix86+x86_64, r-patched-linux-x86_64, r-patched-solaris-sparc, r-patched-solaris-x86, r-release-linux-x86_64, r-release-osx-x86_64-mavericks, r-release-windows-ix86+x86_64, r-oldrel-windows-ix86+x86_64
Version: 1.0
Check: R code for possible problems
Result: NOTE
getCandidates: no visible binding for global variable ‘envData’
getGraph: no visible binding for global variable ‘envData’
getProvidedDiseaseName: no visible binding for global variable
‘envData’
getSeed: no visible binding for global variable ‘envData’
getTopDiseaseMetabolites: no visible binding for global variable
‘envData’
Undefined global functions or variables:
envData
Flavors: r-devel-linux-x86_64-debian-clang, r-devel-linux-x86_64-debian-gcc, r-devel-windows-ix86+x86_64, r-patched-linux-x86_64, r-patched-solaris-sparc, r-patched-solaris-x86, r-release-linux-x86_64, r-release-osx-x86_64-mavericks, r-release-windows-ix86+x86_64
Version: 1.0
Flags: --no-stop-on-test-error
Check: dependencies in R code
Result: NOTE
'library' or 'require' call to ‘igraph’ which was already attached by Depends.
Please remove these calls from your code.
Flavors: r-devel-linux-x86_64-fedora-clang, r-devel-linux-x86_64-fedora-gcc, r-devel-macos-x86_64-clang
Version: 1.0
Flags: --no-stop-on-test-error
Check: R code for possible problems
Result: NOTE
getCandidates: no visible binding for global variable ‘envData’
getGraph: no visible binding for global variable ‘envData’
getProvidedDiseaseName: no visible binding for global variable
‘envData’
getSeed: no visible binding for global variable ‘envData’
getTopDiseaseMetabolites: no visible binding for global variable
‘envData’
Undefined global functions or variables:
envData
Flavors: r-devel-linux-x86_64-fedora-clang, r-devel-linux-x86_64-fedora-gcc, r-devel-macos-x86_64-clang
Version: 1.0
Check: R code for possible problems
Result: NOTE
getCandidates: no visible binding for global variable 'envData'
getGraph: no visible binding for global variable 'envData'
getProvidedDiseaseName: no visible binding for global variable
'envData'
getSeed: no visible binding for global variable 'envData'
getTopDiseaseMetabolites: no visible binding for global variable
'envData'
Flavor: r-oldrel-windows-ix86+x86_64