CRAN Package Check Results for Package PSAboot

Last updated on 2017-02-24 23:52:45.

Flavor Version Tinstall Tcheck Ttotal Status Flags
r-devel-linux-x86_64-debian-clang 1.1.4 5.25 86.34 91.59 OK
r-devel-linux-x86_64-debian-gcc 1.1.4 4.98 87.32 92.31 OK
r-devel-linux-x86_64-fedora-clang 1.1.4 208.55 NOTE --no-stop-on-test-error
r-devel-linux-x86_64-fedora-gcc 1.1.4 203.38 NOTE --no-stop-on-test-error
r-devel-macos-x86_64-clang 1.1.4 162.46 NOTE --no-stop-on-test-error
r-devel-windows-ix86+x86_64 1.1.4 26.00 228.00 254.00 OK
r-patched-linux-x86_64 1.1.4 4.74 78.28 83.02 OK
r-patched-solaris-sparc 1.1.4 1124.90 NOTE
r-patched-solaris-x86 1.1.4 238.20 NOTE
r-release-linux-x86_64 1.1.4 4.75 78.05 82.80 OK
r-release-osx-x86_64-mavericks 1.1.4 NOTE
r-release-windows-ix86+x86_64 1.1.4 22.00 140.00 162.00 OK
r-oldrel-windows-ix86+x86_64 1.1.4 23.00 205.00 228.00 NOTE

Check Details

Version: 1.1.4
Flags: --no-stop-on-test-error
Check: data for non-ASCII characters
Result: NOTE
     Note: found 4 marked UTF-8 strings
Flavors: r-devel-linux-x86_64-fedora-clang, r-devel-linux-x86_64-fedora-gcc, r-devel-macos-x86_64-clang

Version: 1.1.4
Check: data for non-ASCII characters
Result: NOTE
     Note: found 4 marked UTF-8 strings
Flavors: r-patched-solaris-sparc, r-patched-solaris-x86, r-release-osx-x86_64-mavericks, r-oldrel-windows-ix86+x86_64