CRAN Package Check Results for Package PanelCount

Last updated on 2017-02-24 23:52:42.

Flavor Version Tinstall Tcheck Ttotal Status Flags
r-devel-linux-x86_64-debian-clang 1.0.9 11.55 18.69 30.24 NOTE
r-devel-linux-x86_64-debian-gcc 1.0.9 12.83 18.77 31.60 NOTE
r-devel-linux-x86_64-fedora-clang 1.0.9 58.41 NOTE --no-stop-on-test-error
r-devel-linux-x86_64-fedora-gcc 1.0.9 54.55 NOTE --no-stop-on-test-error
r-devel-macos-x86_64-clang 1.0.9 43.14 NOTE --no-stop-on-test-error
r-devel-windows-ix86+x86_64 1.0.9 75.00 79.00 154.00 OK
r-patched-linux-x86_64 1.0.9 10.09 16.89 26.98 OK
r-patched-solaris-sparc 1.0.9 302.40 OK
r-patched-solaris-x86 1.0.9 58.40 OK
r-release-linux-x86_64 1.0.9 10.05 16.73 26.78 OK
r-release-osx-x86_64-mavericks 1.0.9 OK
r-release-windows-ix86+x86_64 1.0.9 59.00 78.00 137.00 OK
r-oldrel-windows-ix86+x86_64 1.0.9 73.00 85.00 158.00 OK

Check Details

Version: 1.0.9
Check: compiled code
Result: NOTE
    File ‘PanelCount/libs/PanelCount.so’:
     Found no calls to: ‘R_registerRoutines’, ‘R_useDynamicSymbols’
    
    It is good practice to register native routines and to disable symbol
    search.
    
    See ‘Writing portable packages’ in the ‘Writing R Extensions’ manual.
Flavors: r-devel-linux-x86_64-debian-clang, r-devel-linux-x86_64-debian-gcc

Version: 1.0.9
Flags: --no-stop-on-test-error
Check: compiled code
Result: NOTE
    File ‘PanelCount/libs/PanelCount.so’:
     Found no calls to: ‘R_registerRoutines’, ‘R_useDynamicSymbols’
    
    It is good practice to register native routines and to disable symbol
    search.
    
    See ‘Writing portable packages’ in the ‘Writing R Extensions’ manual.
Flavors: r-devel-linux-x86_64-fedora-clang, r-devel-linux-x86_64-fedora-gcc, r-devel-macos-x86_64-clang