CRAN Package Check Results for Package PortfolioEffectHFT

Last updated on 2017-02-24 23:52:44.

Flavor Version Tinstall Tcheck Ttotal Status Flags
r-devel-linux-x86_64-debian-clang 1.7 5.92 42.54 48.46 OK
r-devel-linux-x86_64-debian-gcc 1.7 6.13 43.51 49.64 OK
r-devel-linux-x86_64-fedora-clang 1.7 88.60 NOTE --no-stop-on-test-error
r-devel-linux-x86_64-fedora-gcc 1.7 86.58 NOTE --no-stop-on-test-error
r-devel-macos-x86_64-clang 1.7 74.69 NOTE --no-stop-on-test-error
r-devel-windows-ix86+x86_64 1.7 25.00 107.00 132.00 NOTE
r-patched-linux-x86_64 1.7 6.18 41.05 47.23 OK
r-patched-solaris-sparc 1.7 512.80 NOTE
r-patched-solaris-x86 1.7 100.40 NOTE
r-release-linux-x86_64 1.7 6.30 40.45 46.75 OK
r-release-osx-x86_64-mavericks 1.7 NOTE
r-release-windows-ix86+x86_64 1.7 21.00 76.00 97.00 NOTE
r-oldrel-windows-ix86+x86_64 1.7 22.00 106.00 128.00 NOTE

Check Details

Version: 1.7
Flags: --no-stop-on-test-error
Check: installed package size
Result: NOTE
     installed size is 6.3Mb
     sub-directories of 1Mb or more:
     java 5.1Mb
Flavors: r-devel-linux-x86_64-fedora-clang, r-devel-linux-x86_64-fedora-gcc, r-devel-macos-x86_64-clang

Version: 1.7
Check: installed package size
Result: NOTE
     installed size is 6.3Mb
     sub-directories of 1Mb or more:
     java 5.1Mb
Flavors: r-devel-windows-ix86+x86_64, r-patched-solaris-sparc, r-patched-solaris-x86, r-release-osx-x86_64-mavericks, r-release-windows-ix86+x86_64, r-oldrel-windows-ix86+x86_64