CRAN Package Check Results for Package ProbitSpatial

Last updated on 2017-02-24 23:52:45.

Flavor Version Tinstall Tcheck Ttotal Status Flags
r-devel-linux-x86_64-debian-clang 1.0 47.69 35.71 83.39 NOTE
r-devel-linux-x86_64-debian-gcc 1.0 40.51 36.55 77.06 NOTE
r-devel-linux-x86_64-fedora-clang 1.0 167.91 NOTE --no-stop-on-test-error
r-devel-linux-x86_64-fedora-gcc 1.0 152.96 NOTE --no-stop-on-test-error
r-devel-macos-x86_64-clang 1.0 122.49 NOTE --no-stop-on-test-error
r-devel-windows-ix86+x86_64 1.0 134.00 131.00 265.00 OK
r-patched-linux-x86_64 1.0 36.99 31.12 68.10 OK
r-patched-solaris-sparc 1.0 706.80 OK
r-patched-solaris-x86 1.0 149.30 OK
r-release-linux-x86_64 1.0 37.68 30.82 68.50 OK
r-release-osx-x86_64-mavericks 1.0 NOTE
r-release-windows-ix86+x86_64 1.0 104.00 108.00 212.00 OK
r-oldrel-windows-ix86+x86_64 1.0 92.00 123.00 215.00 OK

Memtest notes: clang-UBSAN gcc6-UBSAN gcc7-UBSAN

Check Details

Version: 1.0
Check: compiled code
Result: NOTE
    File ‘ProbitSpatial/libs/ProbitSpatial.so’:
     Found no calls to: ‘R_registerRoutines’, ‘R_useDynamicSymbols’
    
    It is good practice to register native routines and to disable symbol
    search.
    
    See ‘Writing portable packages’ in the ‘Writing R Extensions’ manual.
Flavors: r-devel-linux-x86_64-debian-clang, r-devel-linux-x86_64-debian-gcc

Version: 1.0
Flags: --no-stop-on-test-error
Check: installed package size
Result: NOTE
     installed size is 17.5Mb
     sub-directories of 1Mb or more:
     libs 17.3Mb
Flavors: r-devel-linux-x86_64-fedora-clang, r-devel-linux-x86_64-fedora-gcc

Version: 1.0
Flags: --no-stop-on-test-error
Check: compiled code
Result: NOTE
    File ‘ProbitSpatial/libs/ProbitSpatial.so’:
     Found no calls to: ‘R_registerRoutines’, ‘R_useDynamicSymbols’
    
    It is good practice to register native routines and to disable symbol
    search.
    
    See ‘Writing portable packages’ in the ‘Writing R Extensions’ manual.
Flavors: r-devel-linux-x86_64-fedora-clang, r-devel-linux-x86_64-fedora-gcc, r-devel-macos-x86_64-clang

Version: 1.0
Check: installed package size
Result: NOTE
     installed size is 17.5Mb
     sub-directories of 1Mb or more:
     libs 17.3Mb
Flavor: r-release-osx-x86_64-mavericks