CRAN Package Check Results for Package RClone

Last updated on 2017-02-24 23:52:47.

Flavor Version Tinstall Tcheck Ttotal Status Flags
r-devel-linux-x86_64-debian-clang 1.0.2 1.22 117.88 119.10 OK
r-devel-linux-x86_64-debian-gcc 1.0.2 1.18 120.89 122.07 OK
r-devel-linux-x86_64-fedora-clang 1.0.2 239.69 OK --no-stop-on-test-error
r-devel-linux-x86_64-fedora-gcc 1.0.2 234.14 OK --no-stop-on-test-error
r-devel-macos-x86_64-clang 1.0.2 180.79 OK --no-stop-on-test-error
r-devel-windows-ix86+x86_64 1.0.2 13.00 189.00 202.00 OK
r-patched-linux-x86_64 1.0.2 1.10 112.58 113.68 OK
r-patched-solaris-sparc 1.0.2 764.60 WARN
r-patched-solaris-x86 1.0.2 123.80 WARN
r-release-linux-x86_64 1.0.2 1.21 114.78 115.99 OK
r-release-osx-x86_64-mavericks 1.0.2 WARN
r-release-windows-ix86+x86_64 1.0.2 5.00 181.00 186.00 OK
r-oldrel-windows-ix86+x86_64 1.0.2 11.00 307.00 318.00 OK

Check Details

Version: 1.0.2
Check: re-building of vignette outputs
Result: WARN
    Error in re-building vignettes:
     ...
    Warning in engine$weave(file, quiet = quiet, encoding = enc) :
     Pandoc (>= 1.12.3) and/or pandoc-citeproc not available. Falling back to R Markdown v1.
    Quitting from lines 336-337 (RClone_qmsevpops.Rmd)
    Error: processing vignette 'RClone_qmsevpops.Rmd' failed with diagnostics:
    the table must have a header (column names)
    Execution halted
Flavors: r-patched-solaris-sparc, r-patched-solaris-x86

Version: 1.0.2
Check: re-building of vignette outputs
Result: WARN
    Error in re-building vignettes:
     ...
    Warning in (if (grepl("\\.[Rr]md$", file)) knit2html else if (grepl("\\.[Rr]rst$", :
     It seems you should call rmarkdown::render() instead of knitr::knit2html() because RClone_qmsevpops.Rmd appears to be an R Markdown v2 document.
    Quitting from lines 336-337 (RClone_qmsevpops.Rmd)
    Error: processing vignette 'RClone_qmsevpops.Rmd' failed with diagnostics:
    the table must have a header (column names)
    Execution halted
Flavor: r-release-osx-x86_64-mavericks