CRAN Package Check Results for Package RGBM

Last updated on 2017-02-24 23:52:49.

Flavor Version Tinstall Tcheck Ttotal Status Flags
r-devel-linux-x86_64-debian-clang 1.0-4 3.34 18.86 22.19 OK
r-devel-linux-x86_64-debian-gcc 1.0-4 2.89 19.49 22.38 OK
r-devel-linux-x86_64-fedora-clang 1.0-4 38.67 OK --no-stop-on-test-error
r-devel-linux-x86_64-fedora-gcc 1.0-4 25.32 OK --no-stop-on-test-error
r-devel-macos-x86_64-clang 1.0-4 31.79 OK --no-stop-on-test-error
r-devel-windows-ix86+x86_64 1.0-4 37.00 54.00 91.00 OK
r-patched-solaris-sparc 1.0-4 22.30 ERROR
r-patched-solaris-x86 1.0-4 4.80 ERROR
r-release-linux-x86_64 1.0-4 3.10 16.42 19.52 OK
r-release-osx-x86_64-mavericks 1.0-4 OK
r-release-windows-ix86+x86_64 1.0-4 26.00 71.00 97.00 FAIL
r-oldrel-windows-ix86+x86_64 1.0-4 35.00 70.00 105.00 OK

Check Details

Version: 1.0-4
Check: whether package can be installed
Result: ERROR
    Installation failed.
Flavors: r-patched-solaris-sparc, r-patched-solaris-x86

Version: 1.0-4
Check: running examples for arch ‘x64’
Result: FAIL
    
Flavor: r-release-windows-ix86+x86_64