Last updated on 2017-02-24 23:52:49.
Flavor | Version | Tinstall | Tcheck | Ttotal | Status | Flags |
---|---|---|---|---|---|---|
r-devel-linux-x86_64-debian-clang | 0.1 | 0.61 | 10.90 | 11.51 | NOTE | |
r-devel-linux-x86_64-debian-gcc | 0.1 | 0.62 | 11.24 | 11.86 | NOTE | |
r-devel-linux-x86_64-fedora-clang | 0.1 | 18.67 | NOTE | --no-stop-on-test-error | ||
r-devel-linux-x86_64-fedora-gcc | 0.1 | 17.66 | NOTE | --no-stop-on-test-error | ||
r-devel-macos-x86_64-clang | 0.1 | 17.53 | NOTE | --no-stop-on-test-error | ||
r-devel-windows-ix86+x86_64 | 0.1 | 3.00 | 35.00 | 38.00 | NOTE | |
r-patched-linux-x86_64 | 0.1 | 0.52 | 9.18 | 9.70 | NOTE | |
r-patched-solaris-sparc | 0.1 | 92.30 | NOTE | |||
r-patched-solaris-x86 | 0.1 | 23.10 | NOTE | |||
r-release-linux-x86_64 | 0.1 | 0.48 | 9.49 | 9.97 | NOTE | |
r-release-osx-x86_64-mavericks | 0.1 | NOTE | ||||
r-release-windows-ix86+x86_64 | 0.1 | 2.00 | 24.00 | 26.00 | NOTE | |
r-oldrel-windows-ix86+x86_64 | 0.1 | 3.00 | 22.00 | 25.00 | NOTE |
Version: 0.1
Check: DESCRIPTION meta-information
Result: NOTE
Malformed Description field: should contain one or more complete sentences.
Flavors: r-devel-linux-x86_64-debian-clang, r-devel-linux-x86_64-debian-gcc, r-devel-windows-ix86+x86_64, r-patched-linux-x86_64, r-patched-solaris-sparc, r-patched-solaris-x86, r-release-linux-x86_64, r-release-osx-x86_64-mavericks, r-release-windows-ix86+x86_64, r-oldrel-windows-ix86+x86_64
Version: 0.1
Flags: --no-stop-on-test-error
Check: DESCRIPTION meta-information
Result: NOTE
Malformed Description field: should contain one or more complete sentences.
Flavors: r-devel-linux-x86_64-fedora-clang, r-devel-linux-x86_64-fedora-gcc, r-devel-macos-x86_64-clang