CRAN Package Check Results for Package RMOA

Last updated on 2017-02-24 23:52:50.

Flavor Version Tinstall Tcheck Ttotal Status Flags
r-devel-linux-x86_64-debian-clang 1.0 2.06 32.88 34.94 NOTE
r-devel-linux-x86_64-debian-gcc 1.0 2.03 34.80 36.82 NOTE
r-devel-linux-x86_64-fedora-clang 1.0 63.11 NOTE --no-stop-on-test-error
r-devel-linux-x86_64-fedora-gcc 1.0 61.48 NOTE --no-stop-on-test-error
r-devel-macos-x86_64-clang 1.0 53.44 NOTE --no-stop-on-test-error
r-devel-windows-ix86+x86_64 1.0 13.00 89.00 102.00 NOTE
r-patched-linux-x86_64 1.0 1.72 30.44 32.16 NOTE
r-patched-solaris-sparc 1.0 351.10 NOTE
r-patched-solaris-x86 1.0 70.90 NOTE
r-release-linux-x86_64 1.0 1.63 30.25 31.88 NOTE
r-release-osx-x86_64-mavericks 1.0 NOTE
r-release-windows-ix86+x86_64 1.0 6.00 84.00 90.00 NOTE
r-oldrel-windows-ix86+x86_64 1.0 13.00 117.00 130.00 NOTE

Check Details

Version: 1.0
Check: DESCRIPTION meta-information
Result: NOTE
    Malformed Description field: should contain one or more complete sentences.
Flavors: r-devel-linux-x86_64-debian-clang, r-devel-linux-x86_64-debian-gcc, r-devel-windows-ix86+x86_64, r-patched-linux-x86_64, r-patched-solaris-sparc, r-patched-solaris-x86, r-release-linux-x86_64, r-release-osx-x86_64-mavericks, r-release-windows-ix86+x86_64, r-oldrel-windows-ix86+x86_64

Version: 1.0
Check: R code for possible problems
Result: NOTE
    predict.MOA_trainedmodel: no visible global function definition for
     ‘delete.response’
    predict.MOA_trainedmodel: no visible global function definition for
     ‘model.frame’
    trainMOA: no visible binding for global variable ‘na.exclude’
    Undefined global functions or variables:
     delete.response model.frame na.exclude
    Consider adding
     importFrom("stats", "delete.response", "model.frame", "na.exclude")
    to your NAMESPACE file.
Flavors: r-devel-linux-x86_64-debian-clang, r-devel-linux-x86_64-debian-gcc, r-devel-windows-ix86+x86_64, r-patched-linux-x86_64, r-patched-solaris-sparc, r-patched-solaris-x86, r-release-linux-x86_64, r-release-osx-x86_64-mavericks, r-release-windows-ix86+x86_64

Version: 1.0
Flags: --no-stop-on-test-error
Check: DESCRIPTION meta-information
Result: NOTE
    Malformed Description field: should contain one or more complete sentences.
Flavors: r-devel-linux-x86_64-fedora-clang, r-devel-linux-x86_64-fedora-gcc, r-devel-macos-x86_64-clang

Version: 1.0
Flags: --no-stop-on-test-error
Check: R code for possible problems
Result: NOTE
    predict.MOA_trainedmodel: no visible global function definition for
     ‘delete.response’
    predict.MOA_trainedmodel: no visible global function definition for
     ‘model.frame’
    trainMOA: no visible binding for global variable ‘na.exclude’
    Undefined global functions or variables:
     delete.response model.frame na.exclude
    Consider adding
     importFrom("stats", "delete.response", "model.frame", "na.exclude")
    to your NAMESPACE file.
Flavors: r-devel-linux-x86_64-fedora-clang, r-devel-linux-x86_64-fedora-gcc, r-devel-macos-x86_64-clang