CRAN Package Check Results for Package RSGHB

Last updated on 2017-02-24 23:52:51.

Flavor Version Tinstall Tcheck Ttotal Status Flags
r-devel-linux-x86_64-debian-clang 1.1.2 1.12 68.69 69.81 NOTE
r-devel-linux-x86_64-debian-gcc 1.1.2 1.02 66.76 67.79 NOTE
r-devel-linux-x86_64-fedora-clang 1.1.2 164.66 NOTE --no-stop-on-test-error
r-devel-linux-x86_64-fedora-gcc 1.1.2 157.03 NOTE --no-stop-on-test-error
r-devel-macos-x86_64-clang 1.1.2 90.63 NOTE --no-stop-on-test-error
r-devel-windows-ix86+x86_64 1.1.2 5.00 170.00 175.00 OK
r-patched-linux-x86_64 1.1.2 0.84 59.91 60.75 OK
r-patched-solaris-sparc 1.1.2 948.20 OK
r-patched-solaris-x86 1.1.2 162.00 OK
r-release-linux-x86_64 1.1.2 1.02 60.39 61.41 OK
r-release-osx-x86_64-mavericks 1.1.2 OK
r-release-windows-ix86+x86_64 1.1.2 5.00 127.00 132.00 OK
r-oldrel-windows-ix86+x86_64 1.1.2 6.00 216.00 222.00 OK

Check Details

Version: 1.1.2
Check: compiled code
Result: NOTE
    File ‘RSGHB/libs/RSGHB.so’:
     Found no calls to: ‘R_registerRoutines’, ‘R_useDynamicSymbols’
    
    It is good practice to register native routines and to disable symbol
    search.
    
    See ‘Writing portable packages’ in the ‘Writing R Extensions’ manual.
Flavors: r-devel-linux-x86_64-debian-clang, r-devel-linux-x86_64-debian-gcc

Version: 1.1.2
Flags: --no-stop-on-test-error
Check: compiled code
Result: NOTE
    File ‘RSGHB/libs/RSGHB.so’:
     Found no calls to: ‘R_registerRoutines’, ‘R_useDynamicSymbols’
    
    It is good practice to register native routines and to disable symbol
    search.
    
    See ‘Writing portable packages’ in the ‘Writing R Extensions’ manual.
Flavors: r-devel-linux-x86_64-fedora-clang, r-devel-linux-x86_64-fedora-gcc, r-devel-macos-x86_64-clang